{"id":9409,"date":"2025-12-30T14:07:35","date_gmt":"2025-12-30T14:07:35","guid":{"rendered":"https:\/\/makermauz.de\/?post_type=product&#038;p=9409"},"modified":"2025-12-30T14:22:58","modified_gmt":"2025-12-30T14:22:58","slug":"baby_child_adult_hat_inca","status":"publish","type":"product","link":"https:\/\/makermauz.de\/?product=baby_child_adult_hat_inca","title":{"rendered":"Baby, child, and adult hat Inca (sizes 33-65)"},"content":{"rendered":"\t\t<div data-elementor-type=\"wp-post\" data-elementor-id=\"9409\" class=\"elementor elementor-9409\">\n\t\t\t\t<div class=\"elementor-element elementor-element-6bd6b46 e-flex e-con-boxed e-con e-parent\" data-id=\"6bd6b46\" data-element_type=\"container\" data-e-type=\"container\">\n\t\t\t\t\t<div class=\"e-con-inner\">\n\t\t\t\t<div class=\"elementor-element elementor-element-0609953 elementor-widget elementor-widget-text-editor\" data-id=\"0609953\" data-element_type=\"widget\" data-e-type=\"widget\" data-widget_type=\"text-editor.default\">\n\t\t\t\t<div class=\"elementor-widget-container\">\n\t\t\t\t\t\t\t\t\t<p>The Inka baby, children&#8217;s, and adult hat (sizes 33-65) can be sewn with or without ears. Without ears, it can be worn as a reversible hat. The cat ears can be transformed into dinosaur spikes. The pattern is suitable for both summer and winter and is ideal for beginners.<\/p><p><strong>Sewing difficulty:<\/strong> Easy, requires some experience<\/p><p><a href=\"https:\/\/makermauz.de\/wp-content\/uploads\/2025\/12\/Lookbook-Muetze-Inka-Alle-von-Maker-Mauz-Sewing.pdf\" target=\"_blank\" rel=\"noopener\">Lookbook with sample sewing examples of the Inca hat<\/a><\/p><p><strong> <br \/>Here&#8217;s what you&#8217;ll receive<\/strong><strong>:<\/strong><\/p><ul><li>A4 printable pattern for assembling and gluing together layers (in PDF format)<\/li><li>A2 printable pattern for use with a projector<\/li><li>Detailed step-by-step instructions (in PDF format)<\/li><\/ul><div><p><strong><br \/>Materials needed:\u00a0<\/strong><\/p><\/div><ul><li>The hat is designed for stretchy fabrics such as jersey, French terry, fleece, sweatshirt fleece, knits, or ribbed jersey, but can also be sewn from boiled wool. You will need approximately 25 cm of fabric for the baby hat and approximately 33 cm of fabric for the standard size, assuming a fabric width of 140 cm.<\/li><li>Optional: For very thin fabric, you can reinforce the ears with interfacing or fill them with washable fiberfill.<\/li><li>Optional: Ties<\/li><\/ul>\t\t\t\t\t\t\t\t<\/div>\n\t\t\t\t<\/div>\n\t\t\t\t\t<\/div>\n\t\t\t\t<\/div>\n\t\t\t\t<\/div>\n\t\t","protected":false},"excerpt":{"rendered":"<ul>\n<li>A4 PDF sewing pattern for printing and assembling in layers, free shipping<\/li>\n<li>A2 sewing pattern for printing or projection<\/li>\n<li>PDF sewing instructions<\/li>\n<li>Available for immediate download<\/li>\n<li>Sewing difficulty: Easy, requires some experience<\/li>\n<\/ul>\n","protected":false},"featured_media":9311,"comment_status":"open","ping_status":"closed","template":"","meta":{"om_disable_all_campaigns":false,"kt_blocks_editor_width":"","_monsterinsights_skip_tracking":false,"_monsterinsights_sitenote_active":false,"_monsterinsights_sitenote_note":"","_monsterinsights_sitenote_category":0,"_links_to":"","_links_to_target":""},"product_brand":[],"product_cat":[236,194,175,191],"product_tag":[242,231,243,240,241],"class_list":{"0":"post-9409","1":"product","2":"type-product","3":"status-publish","4":"has-post-thumbnail","6":"product_cat-babies-children","7":"product_cat-men","8":"product_cat-sewing-patterns","9":"product_cat-women","10":"product_tag-adult","11":"product_tag-baby","12":"product_tag-child","13":"product_tag-hat","14":"product_tag-inca","16":"first","17":"instock","18":"downloadable","19":"virtual","20":"sold-individually","21":"purchasable","22":"product-type-simple"},"yoast_head":"<!-- This site is optimized with the Yoast SEO plugin v27.6 - https:\/\/yoast.com\/product\/yoast-seo-wordpress\/ -->\n<title>Pattern Hat Inca for baby, children and adults (sizes 33-65)<\/title>\n<meta name=\"description\" content=\"The Inca baby, child, and adult hat sewing pattern can be sewn with or without ears. It can also be sewn as a reversible hat.\" \/>\n<meta name=\"robots\" content=\"index, follow, max-snippet:-1, max-image-preview:large, max-video-preview:-1\" \/>\n<link rel=\"canonical\" href=\"https:\/\/makermauz.de\/?product=baby_child_adult_hat_inca\" \/>\n<meta property=\"og:locale\" content=\"de_DE\" \/>\n<meta property=\"og:type\" content=\"article\" \/>\n<meta property=\"og:title\" content=\"Pattern Hat Inca for baby, children and adults (sizes 33-65)\" \/>\n<meta property=\"og:description\" content=\"The Inca baby, child, and adult hat sewing pattern can be sewn with or without ears. It can also be sewn as a reversible hat.\" \/>\n<meta property=\"og:url\" content=\"https:\/\/makermauz.de\/?product=baby_child_adult_hat_inca\" \/>\n<meta property=\"og:site_name\" content=\"Maker Mauz Sewing\" \/>\n<meta property=\"article:modified_time\" content=\"2025-12-30T14:22:58+00:00\" \/>\n<meta property=\"og:image\" content=\"https:\/\/makermauz.de\/wp-content\/uploads\/2025\/12\/schnittmuster_Muetze_Inka_alle_maker-mauz-sewing_1.jpg\" \/>\n\t<meta property=\"og:image:width\" content=\"1000\" \/>\n\t<meta property=\"og:image:height\" content=\"1000\" \/>\n\t<meta property=\"og:image:type\" content=\"image\/jpeg\" \/>\n<meta name=\"twitter:card\" content=\"summary_large_image\" \/>\n<meta name=\"twitter:label1\" content=\"Gesch\u00e4tzte Lesezeit\" \/>\n\t<meta name=\"twitter:data1\" content=\"1\u00a0Minute\" \/>\n<script type=\"application\/ld+json\" class=\"yoast-schema-graph\">{\"@context\":\"https:\\\/\\\/schema.org\",\"@graph\":[{\"@type\":\"WebPage\",\"@id\":\"https:\\\/\\\/makermauz.de\\\/?product=baby_child_adult_hat_inca\",\"url\":\"https:\\\/\\\/makermauz.de\\\/?product=baby_child_adult_hat_inca\",\"name\":\"Pattern Hat Inca for baby, children and adults (sizes 33-65)\",\"isPartOf\":{\"@id\":\"https:\\\/\\\/makermauz.de\\\/#website\"},\"primaryImageOfPage\":{\"@id\":\"https:\\\/\\\/makermauz.de\\\/?product=baby_child_adult_hat_inca#primaryimage\"},\"image\":{\"@id\":\"https:\\\/\\\/makermauz.de\\\/?product=baby_child_adult_hat_inca#primaryimage\"},\"thumbnailUrl\":\"https:\\\/\\\/makermauz.de\\\/wp-content\\\/uploads\\\/2025\\\/12\\\/schnittmuster_Muetze_Inka_alle_maker-mauz-sewing_1.jpg\",\"datePublished\":\"2025-12-30T14:07:35+00:00\",\"dateModified\":\"2025-12-30T14:22:58+00:00\",\"description\":\"The Inca baby, child, and adult hat sewing pattern can be sewn with or without ears. It can also be sewn as a reversible hat.\",\"breadcrumb\":{\"@id\":\"https:\\\/\\\/makermauz.de\\\/?product=baby_child_adult_hat_inca#breadcrumb\"},\"inLanguage\":\"de\",\"potentialAction\":[{\"@type\":\"ReadAction\",\"target\":[\"https:\\\/\\\/makermauz.de\\\/?product=baby_child_adult_hat_inca\"]}]},{\"@type\":\"ImageObject\",\"inLanguage\":\"de\",\"@id\":\"https:\\\/\\\/makermauz.de\\\/?product=baby_child_adult_hat_inca#primaryimage\",\"url\":\"https:\\\/\\\/makermauz.de\\\/wp-content\\\/uploads\\\/2025\\\/12\\\/schnittmuster_Muetze_Inka_alle_maker-mauz-sewing_1.jpg\",\"contentUrl\":\"https:\\\/\\\/makermauz.de\\\/wp-content\\\/uploads\\\/2025\\\/12\\\/schnittmuster_Muetze_Inka_alle_maker-mauz-sewing_1.jpg\",\"width\":1000,\"height\":1000,\"caption\":\"Schnittmuster Tier-M\u00fctze n\u00e4hen f\u00fcr Gro\u00df und Klein\"},{\"@type\":\"BreadcrumbList\",\"@id\":\"https:\\\/\\\/makermauz.de\\\/?product=baby_child_adult_hat_inca#breadcrumb\",\"itemListElement\":[{\"@type\":\"ListItem\",\"position\":1,\"name\":\"Startseite\",\"item\":\"https:\\\/\\\/makermauz.de\\\/\"},{\"@type\":\"ListItem\",\"position\":2,\"name\":\"Shop\",\"item\":\"https:\\\/\\\/makermauz.de\\\/?page_id=2666\"},{\"@type\":\"ListItem\",\"position\":3,\"name\":\"Baby, child, and adult hat Inca (sizes 33-65)\"}]},{\"@type\":\"WebSite\",\"@id\":\"https:\\\/\\\/makermauz.de\\\/#website\",\"url\":\"https:\\\/\\\/makermauz.de\\\/\",\"name\":\"Maker Mauz Sewing\",\"description\":\"N\u00e4hen lernen, Schnittmuster, N\u00e4hanleitungen, Plotterdateien, DIYs\",\"publisher\":{\"@id\":\"https:\\\/\\\/makermauz.de\\\/#\\\/schema\\\/person\\\/66099be1b4736a5fae4fdbba61fc3467\"},\"potentialAction\":[{\"@type\":\"SearchAction\",\"target\":{\"@type\":\"EntryPoint\",\"urlTemplate\":\"https:\\\/\\\/makermauz.de\\\/?s={search_term_string}\"},\"query-input\":{\"@type\":\"PropertyValueSpecification\",\"valueRequired\":true,\"valueName\":\"search_term_string\"}}],\"inLanguage\":\"de\"},{\"@type\":[\"Person\",\"Organization\"],\"@id\":\"https:\\\/\\\/makermauz.de\\\/#\\\/schema\\\/person\\\/66099be1b4736a5fae4fdbba61fc3467\",\"name\":\"Maker Mauz\",\"image\":{\"@type\":\"ImageObject\",\"inLanguage\":\"de\",\"@id\":\"https:\\\/\\\/secure.gravatar.com\\\/avatar\\\/d8220a7fcaab42a4ad29f49238f10b3cfff9d051acd6cc346f6a59384eed2871?s=96&d=mm&r=g\",\"url\":\"https:\\\/\\\/secure.gravatar.com\\\/avatar\\\/d8220a7fcaab42a4ad29f49238f10b3cfff9d051acd6cc346f6a59384eed2871?s=96&d=mm&r=g\",\"contentUrl\":\"https:\\\/\\\/secure.gravatar.com\\\/avatar\\\/d8220a7fcaab42a4ad29f49238f10b3cfff9d051acd6cc346f6a59384eed2871?s=96&d=mm&r=g\",\"caption\":\"Maker Mauz\"},\"logo\":{\"@id\":\"https:\\\/\\\/secure.gravatar.com\\\/avatar\\\/d8220a7fcaab42a4ad29f49238f10b3cfff9d051acd6cc346f6a59384eed2871?s=96&d=mm&r=g\"}}]}<\/script>\n<!-- \/ Yoast SEO plugin. -->","yoast_head_json":{"title":"Pattern Hat Inca for baby, children and adults (sizes 33-65)","description":"The Inca baby, child, and adult hat sewing pattern can be sewn with or without ears. It can also be sewn as a reversible hat.","robots":{"index":"index","follow":"follow","max-snippet":"max-snippet:-1","max-image-preview":"max-image-preview:large","max-video-preview":"max-video-preview:-1"},"canonical":"https:\/\/makermauz.de\/?product=baby_child_adult_hat_inca","og_locale":"de_DE","og_type":"article","og_title":"Pattern Hat Inca for baby, children and adults (sizes 33-65)","og_description":"The Inca baby, child, and adult hat sewing pattern can be sewn with or without ears. It can also be sewn as a reversible hat.","og_url":"https:\/\/makermauz.de\/?product=baby_child_adult_hat_inca","og_site_name":"Maker Mauz Sewing","article_modified_time":"2025-12-30T14:22:58+00:00","og_image":[{"width":1000,"height":1000,"url":"https:\/\/makermauz.de\/wp-content\/uploads\/2025\/12\/schnittmuster_Muetze_Inka_alle_maker-mauz-sewing_1.jpg","type":"image\/jpeg"}],"twitter_card":"summary_large_image","twitter_misc":{"Gesch\u00e4tzte Lesezeit":"1\u00a0Minute"},"schema":{"@context":"https:\/\/schema.org","@graph":[{"@type":"WebPage","@id":"https:\/\/makermauz.de\/?product=baby_child_adult_hat_inca","url":"https:\/\/makermauz.de\/?product=baby_child_adult_hat_inca","name":"Pattern Hat Inca for baby, children and adults (sizes 33-65)","isPartOf":{"@id":"https:\/\/makermauz.de\/#website"},"primaryImageOfPage":{"@id":"https:\/\/makermauz.de\/?product=baby_child_adult_hat_inca#primaryimage"},"image":{"@id":"https:\/\/makermauz.de\/?product=baby_child_adult_hat_inca#primaryimage"},"thumbnailUrl":"https:\/\/makermauz.de\/wp-content\/uploads\/2025\/12\/schnittmuster_Muetze_Inka_alle_maker-mauz-sewing_1.jpg","datePublished":"2025-12-30T14:07:35+00:00","dateModified":"2025-12-30T14:22:58+00:00","description":"The Inca baby, child, and adult hat sewing pattern can be sewn with or without ears. It can also be sewn as a reversible hat.","breadcrumb":{"@id":"https:\/\/makermauz.de\/?product=baby_child_adult_hat_inca#breadcrumb"},"inLanguage":"de","potentialAction":[{"@type":"ReadAction","target":["https:\/\/makermauz.de\/?product=baby_child_adult_hat_inca"]}]},{"@type":"ImageObject","inLanguage":"de","@id":"https:\/\/makermauz.de\/?product=baby_child_adult_hat_inca#primaryimage","url":"https:\/\/makermauz.de\/wp-content\/uploads\/2025\/12\/schnittmuster_Muetze_Inka_alle_maker-mauz-sewing_1.jpg","contentUrl":"https:\/\/makermauz.de\/wp-content\/uploads\/2025\/12\/schnittmuster_Muetze_Inka_alle_maker-mauz-sewing_1.jpg","width":1000,"height":1000,"caption":"Schnittmuster Tier-M\u00fctze n\u00e4hen f\u00fcr Gro\u00df und Klein"},{"@type":"BreadcrumbList","@id":"https:\/\/makermauz.de\/?product=baby_child_adult_hat_inca#breadcrumb","itemListElement":[{"@type":"ListItem","position":1,"name":"Startseite","item":"https:\/\/makermauz.de\/"},{"@type":"ListItem","position":2,"name":"Shop","item":"https:\/\/makermauz.de\/?page_id=2666"},{"@type":"ListItem","position":3,"name":"Baby, child, and adult hat Inca (sizes 33-65)"}]},{"@type":"WebSite","@id":"https:\/\/makermauz.de\/#website","url":"https:\/\/makermauz.de\/","name":"Maker Mauz Sewing","description":"N\u00e4hen lernen, Schnittmuster, N\u00e4hanleitungen, Plotterdateien, DIYs","publisher":{"@id":"https:\/\/makermauz.de\/#\/schema\/person\/66099be1b4736a5fae4fdbba61fc3467"},"potentialAction":[{"@type":"SearchAction","target":{"@type":"EntryPoint","urlTemplate":"https:\/\/makermauz.de\/?s={search_term_string}"},"query-input":{"@type":"PropertyValueSpecification","valueRequired":true,"valueName":"search_term_string"}}],"inLanguage":"de"},{"@type":["Person","Organization"],"@id":"https:\/\/makermauz.de\/#\/schema\/person\/66099be1b4736a5fae4fdbba61fc3467","name":"Maker Mauz","image":{"@type":"ImageObject","inLanguage":"de","@id":"https:\/\/secure.gravatar.com\/avatar\/d8220a7fcaab42a4ad29f49238f10b3cfff9d051acd6cc346f6a59384eed2871?s=96&d=mm&r=g","url":"https:\/\/secure.gravatar.com\/avatar\/d8220a7fcaab42a4ad29f49238f10b3cfff9d051acd6cc346f6a59384eed2871?s=96&d=mm&r=g","contentUrl":"https:\/\/secure.gravatar.com\/avatar\/d8220a7fcaab42a4ad29f49238f10b3cfff9d051acd6cc346f6a59384eed2871?s=96&d=mm&r=g","caption":"Maker Mauz"},"logo":{"@id":"https:\/\/secure.gravatar.com\/avatar\/d8220a7fcaab42a4ad29f49238f10b3cfff9d051acd6cc346f6a59384eed2871?s=96&d=mm&r=g"}}]}},"_links":{"self":[{"href":"https:\/\/makermauz.de\/index.php?rest_route=\/wp\/v2\/product\/9409","targetHints":{"allow":["GET"]}}],"collection":[{"href":"https:\/\/makermauz.de\/index.php?rest_route=\/wp\/v2\/product"}],"about":[{"href":"https:\/\/makermauz.de\/index.php?rest_route=\/wp\/v2\/types\/product"}],"replies":[{"embeddable":true,"href":"https:\/\/makermauz.de\/index.php?rest_route=%2Fwp%2Fv2%2Fcomments&post=9409"}],"version-history":[{"count":6,"href":"https:\/\/makermauz.de\/index.php?rest_route=\/wp\/v2\/product\/9409\/revisions"}],"predecessor-version":[{"id":9415,"href":"https:\/\/makermauz.de\/index.php?rest_route=\/wp\/v2\/product\/9409\/revisions\/9415"}],"wp:featuredmedia":[{"embeddable":true,"href":"https:\/\/makermauz.de\/index.php?rest_route=\/wp\/v2\/media\/9311"}],"wp:attachment":[{"href":"https:\/\/makermauz.de\/index.php?rest_route=%2Fwp%2Fv2%2Fmedia&parent=9409"}],"wp:term":[{"taxonomy":"product_brand","embeddable":true,"href":"https:\/\/makermauz.de\/index.php?rest_route=%2Fwp%2Fv2%2Fproduct_brand&post=9409"},{"taxonomy":"product_cat","embeddable":true,"href":"https:\/\/makermauz.de\/index.php?rest_route=%2Fwp%2Fv2%2Fproduct_cat&post=9409"},{"taxonomy":"product_tag","embeddable":true,"href":"https:\/\/makermauz.de\/index.php?rest_route=%2Fwp%2Fv2%2Fproduct_tag&post=9409"}],"curies":[{"name":"wp","href":"https:\/\/api.w.org\/{rel}","templated":true}]}}