{"id":7308,"date":"2024-03-06T17:09:06","date_gmt":"2024-03-06T17:09:06","guid":{"rendered":"https:\/\/makermauz.de\/?post_type=product&#038;p=7308"},"modified":"2026-02-17T11:41:50","modified_gmt":"2026-02-17T11:41:50","slug":"schnittmuster-katzenbett-hundebett","status":"publish","type":"product","link":"https:\/\/makermauz.de\/?product=schnittmuster-katzenbett-hundebett","title":{"rendered":"Katzenbett \/ Hundebett"},"content":{"rendered":"\t\t<div data-elementor-type=\"wp-post\" data-elementor-id=\"7308\" class=\"elementor elementor-7308\">\n\t\t\t\t<div class=\"elementor-element elementor-element-6bd6b46 e-flex e-con-boxed e-con e-parent\" data-id=\"6bd6b46\" data-element_type=\"container\" data-e-type=\"container\">\n\t\t\t\t\t<div class=\"e-con-inner\">\n\t\t\t\t<div class=\"elementor-element elementor-element-0609953 elementor-widget elementor-widget-text-editor\" data-id=\"0609953\" data-element_type=\"widget\" data-e-type=\"widget\" data-widget_type=\"text-editor.default\">\n\t\t\t\t<div class=\"elementor-widget-container\">\n\t\t\t\t\t\t\t\t\t<p>Das Katzenbett \/ Hundebett kannst du in verschiedenen Gr\u00f6\u00dfen f\u00fcr Tiere mit einem Gewicht von ca. 0 &#8211; 15 kg n\u00e4hen. Es besteht aus zwei Teilen &#8211; einem Kissen mit Hotelverschluss gef\u00fcllt mit Schaumstoff und dem Rundell, das mit Polstermaterial gef\u00fcllt wird.<br \/>Je nach Stoffwahl kann es kuschelig und bequem oder stylisch, passend zu deiner Einrichtung gestaltet werden. Das Katzenkissen \/ Hundekissen ist schnell und leicht gen\u00e4ht.<\/p><p><span style=\"color: #444444; font-family: Abel;\">N\u00e4hschwierigkeit: Leicht: Ben\u00f6tigt etwas Erfahrung (1 von 4)<\/span><\/p><p><a href=\"https:\/\/makermauz.de\/wp-content\/uploads\/2024\/03\/Designbeispiele-Schnittmuster-Katzenbett-Hundebett-von-Maker-Mauz-Sewing.pdf\">Lookbook mit den Proben\u00e4hbeispielen<\/a><\/p><p><strong>\u00a0<\/strong><strong>Das bekommst du:<\/strong><\/p><ul><li>Schnittmuster in A4 zum Ausdrucken und Zusammenkleben mit Ebenen (im PDF Format)<\/li><li>Schnittmuster in A0 zum Ausdrucken oder Beamen mit Ebenen (im PDF Format)<\/li><li>Ausf\u00fchrliche Schritt f\u00fcr Schritt Anleitung (im PDF Format)<\/li><li>YouTube Video Tutorial zum Schnittmuster\u00a0<\/li><\/ul><div><p><strong><br \/>Ben\u00f6tigtes Material:\u00a0<\/strong><\/p><\/div><ul><li>Als Grundmaterial f\u00fcr das Tierbett kannst du z.B. Fleece, Wellnessfleece, Teddystoff, Pl\u00fcsch, Cord, eine alte Decke oder Bettdecke usw. verwenden. Wenn du das Bettchen aus zwei verschiedenen Stoffen n\u00e4hen willst, kannst du f\u00fcr au\u00dfen z.B. Canvas, Jeans, festen Baumwollstoff oder Leinen verwenden.<\/li><li>2 cm hohen Schaumstoff in der Gr\u00f6\u00dfe eures Kissens (XS= 40 cm \u2300, S= 50 cm \u2300, M= 60 cm \u2300, L= 70 cm \u2300, wenn ihr wollt k\u00f6nnt ihr auch dickeren Schaumstoff verwenden s. Anleitung Seite 6 oder F\u00fcllwatte statt Schaumstoff).<\/li><li>F\u00fcllmaterial z.B. alte Kissenf\u00fcllung, Federn, Kaltschaumflocken, Volumenvlies oder F\u00fcllwatte (Menge variiert je nach Gr\u00f6\u00dfe und Stopfmenge)<\/li><\/ul>\t\t\t\t\t\t\t\t<\/div>\n\t\t\t\t<\/div>\n\t\t\t\t\t<\/div>\n\t\t\t\t<\/div>\n\t\t<div class=\"elementor-element elementor-element-caa7d82 e-flex e-con-boxed e-con e-parent\" data-id=\"caa7d82\" data-element_type=\"container\" data-e-type=\"container\">\n\t\t\t\t\t<div class=\"e-con-inner\">\n\t\t\t\t<div class=\"elementor-element elementor-element-c333060 elementor-widget-divider--separator-type-pattern elementor-widget-divider--view-line elementor-widget elementor-widget-divider\" data-id=\"c333060\" data-element_type=\"widget\" data-e-type=\"widget\" data-widget_type=\"divider.default\">\n\t\t\t\t<div class=\"elementor-widget-container\">\n\t\t\t\t\t\t\t<div class=\"elementor-divider\" style=\"--divider-pattern-url: url(&quot;data:image\/svg+xml,%3Csvg xmlns=&#039;http:\/\/www.w3.org\/2000\/svg&#039; preserveAspectRatio=&#039;none&#039; overflow=&#039;visible&#039; height=&#039;100%&#039; viewBox=&#039;0 0 24 24&#039; fill=&#039;none&#039; stroke=&#039;black&#039; stroke-width=&#039;1&#039; stroke-linecap=&#039;square&#039; stroke-miterlimit=&#039;10&#039;%3E%3Cpolyline points=&#039;0,18 12,6 24,18 &#039;\/%3E%3C\/svg%3E&quot;);\">\n\t\t\t<span class=\"elementor-divider-separator\">\n\t\t\t\t\t\t<\/span>\n\t\t<\/div>\n\t\t\t\t\t\t<\/div>\n\t\t\t\t<\/div>\n\t\t\t\t\t<\/div>\n\t\t\t\t<\/div>\n\t\t<div class=\"elementor-element elementor-element-d6693df e-flex e-con-boxed e-con e-parent\" data-id=\"d6693df\" data-element_type=\"container\" data-e-type=\"container\" data-settings=\"{&quot;background_background&quot;:&quot;gradient&quot;}\">\n\t\t\t\t\t<div class=\"e-con-inner\">\n\t\t<div class=\"elementor-element elementor-element-307839b e-con-full e-flex e-con e-child\" data-id=\"307839b\" data-element_type=\"container\" data-e-type=\"container\">\n\t\t\t\t<div class=\"elementor-element elementor-element-464cfa6 elementor-widget elementor-widget-text-editor\" data-id=\"464cfa6\" data-element_type=\"widget\" data-e-type=\"widget\" data-widget_type=\"text-editor.default\">\n\t\t\t\t<div class=\"elementor-widget-container\">\n\t\t\t\t\t\t\t\t\t<h2 style=\"margin-bottom: 7.45312px; text-align: center;\"><span style=\"background-color: transparent;\">Videoanleitung<br \/><\/span>Katzenbett \/ Hundebett<\/h2><p style=\"font-family: Abel, sans-serif; text-align: center;\">Zus\u00e4tzlich zur PDF Anleitung werden dir die Arbeitsschritte die du zum N\u00e4hen des Tierbettes ben\u00f6tigst, in diesem Video noch mal Schritt f\u00fcr Schritt erkl\u00e4rt.<\/p><p style=\"font-family: Abel, sans-serif; text-align: center;\">Weitere N\u00e4hvideos findest du auf meinem\u00a0<a href=\"https:\/\/www.youtube.com\/c\/makermauzsewing\" target=\"_blank\" rel=\"noopener\">YouTube-Kanal Maker Mauz Sewing<\/a><\/p>\t\t\t\t\t\t\t\t<\/div>\n\t\t\t\t<\/div>\n\t\t\t\t<\/div>\n\t\t<div class=\"elementor-element elementor-element-f6da3c2 e-con-full e-flex e-con e-child\" data-id=\"f6da3c2\" data-element_type=\"container\" data-e-type=\"container\">\n\t\t\t\t<div class=\"elementor-element elementor-element-aac03d2 elementor-widget elementor-widget-video\" data-id=\"aac03d2\" data-element_type=\"widget\" data-e-type=\"widget\" data-settings=\"{&quot;youtube_url&quot;:&quot;https:\\\/\\\/youtu.be\\\/Tzi8jlKoMO4&quot;,&quot;video_type&quot;:&quot;youtube&quot;,&quot;controls&quot;:&quot;yes&quot;}\" data-widget_type=\"video.default\">\n\t\t\t\t<div class=\"elementor-widget-container\">\n\t\t\t\t\t\t\t<div class=\"elementor-wrapper elementor-open-inline\">\n\t\t\t<div class=\"elementor-video\"><\/div>\t\t<\/div>\n\t\t\t\t\t\t<\/div>\n\t\t\t\t<\/div>\n\t\t\t\t<\/div>\n\t\t\t\t\t<\/div>\n\t\t\t\t<\/div>\n\t\t\t\t<\/div>\n\t\t","protected":false},"excerpt":{"rendered":"<ul>\n<li>A4 PDF-Schnittmuster zum Ausdrucken und Zusammenkleben mit Ebenen, versandkostenfrei<\/li>\n<li>A0 PDF-Schnittmuster zum Ausdrucken oder Beamen mit Ebenen<\/li>\n<li>PDF-N\u00e4hanleitung und N\u00e4hvideo<\/li>\n<li>Sofort zum Download verf\u00fcgbar<\/li>\n<li>N\u00e4hschwierigkeit Leicht: Ben\u00f6tigt etwas Erfahrung (1 von 4)<\/li>\n<\/ul>\n","protected":false},"featured_media":7314,"comment_status":"open","ping_status":"closed","template":"","meta":{"om_disable_all_campaigns":false,"kt_blocks_editor_width":"","_monsterinsights_skip_tracking":false,"_monsterinsights_sitenote_active":false,"_monsterinsights_sitenote_note":"","_monsterinsights_sitenote_category":0,"_links_to":"","_links_to_target":""},"product_brand":[],"product_cat":[109,160],"product_tag":[163,165,162,164,161],"class_list":{"0":"post-7308","1":"product","2":"type-product","3":"status-publish","4":"has-post-thumbnail","6":"product_cat-schnittmuster","7":"product_cat-tiere-schnittmuster","8":"product_tag-hunde","9":"product_tag-hundebett","10":"product_tag-katzen","11":"product_tag-katzenbett","12":"product_tag-tiere","14":"first","15":"instock","16":"downloadable","17":"virtual","18":"sold-individually","19":"purchasable","20":"product-type-simple"},"yoast_head":"<!-- This site is optimized with the Yoast SEO plugin v27.6 - https:\/\/yoast.com\/product\/yoast-seo-wordpress\/ -->\n<title>Schnittmuster Katzenbett \/ Hundebett von Maker Mauz Sewing<\/title>\n<meta name=\"description\" content=\"Das Katenbett \/ Hundebett kannst du in verschiedenen Gr\u00f6\u00dfen f\u00fcr Tiere von ca. 0 - 15 kg n\u00e4hen. Es besteht aus zwei Teilen und ist schnell und leicht gen\u00e4ht.\" \/>\n<meta name=\"robots\" content=\"index, follow, max-snippet:-1, max-image-preview:large, max-video-preview:-1\" \/>\n<link rel=\"canonical\" href=\"https:\/\/makermauz.de\/?product=schnittmuster-katzenbett-hundebett\" \/>\n<meta property=\"og:locale\" content=\"de_DE\" \/>\n<meta property=\"og:type\" content=\"article\" \/>\n<meta property=\"og:title\" content=\"Schnittmuster Katzenbett \/ Hundebett von Maker Mauz Sewing\" \/>\n<meta property=\"og:description\" content=\"Das Katenbett \/ Hundebett kannst du in verschiedenen Gr\u00f6\u00dfen f\u00fcr Tiere von ca. 0 - 15 kg n\u00e4hen. Es besteht aus zwei Teilen und ist schnell und leicht gen\u00e4ht.\" \/>\n<meta property=\"og:url\" content=\"https:\/\/makermauz.de\/?product=schnittmuster-katzenbett-hundebett\" \/>\n<meta property=\"og:site_name\" content=\"Maker Mauz Sewing\" \/>\n<meta property=\"article:modified_time\" content=\"2026-02-17T11:41:50+00:00\" \/>\n<meta property=\"og:image\" content=\"https:\/\/makermauz.de\/wp-content\/uploads\/2024\/03\/schnittmuster_Katzenbett_Hundebett_Katzenkissen_Hundekissen_shop_maker-mauz-sewing-6.jpg\" \/>\n\t<meta property=\"og:image:width\" content=\"1000\" \/>\n\t<meta property=\"og:image:height\" content=\"1000\" \/>\n\t<meta property=\"og:image:type\" content=\"image\/jpeg\" \/>\n<meta name=\"twitter:card\" content=\"summary_large_image\" \/>\n<meta name=\"twitter:label1\" content=\"Gesch\u00e4tzte Lesezeit\" \/>\n\t<meta name=\"twitter:data1\" content=\"2\u00a0Minuten\" \/>\n<script type=\"application\/ld+json\" class=\"yoast-schema-graph\">{\"@context\":\"https:\\\/\\\/schema.org\",\"@graph\":[{\"@type\":\"WebPage\",\"@id\":\"https:\\\/\\\/makermauz.de\\\/?product=schnittmuster-katzenbett-hundebett\",\"url\":\"https:\\\/\\\/makermauz.de\\\/?product=schnittmuster-katzenbett-hundebett\",\"name\":\"Schnittmuster Katzenbett \\\/ Hundebett von Maker Mauz Sewing\",\"isPartOf\":{\"@id\":\"https:\\\/\\\/makermauz.de\\\/#website\"},\"primaryImageOfPage\":{\"@id\":\"https:\\\/\\\/makermauz.de\\\/?product=schnittmuster-katzenbett-hundebett#primaryimage\"},\"image\":{\"@id\":\"https:\\\/\\\/makermauz.de\\\/?product=schnittmuster-katzenbett-hundebett#primaryimage\"},\"thumbnailUrl\":\"https:\\\/\\\/makermauz.de\\\/wp-content\\\/uploads\\\/2024\\\/03\\\/schnittmuster_Katzenbett_Hundebett_Katzenkissen_Hundekissen_shop_maker-mauz-sewing-6.jpg\",\"datePublished\":\"2024-03-06T17:09:06+00:00\",\"dateModified\":\"2026-02-17T11:41:50+00:00\",\"description\":\"Das Katenbett \\\/ Hundebett kannst du in verschiedenen Gr\u00f6\u00dfen f\u00fcr Tiere von ca. 0 - 15 kg n\u00e4hen. Es besteht aus zwei Teilen und ist schnell und leicht gen\u00e4ht.\",\"breadcrumb\":{\"@id\":\"https:\\\/\\\/makermauz.de\\\/?product=schnittmuster-katzenbett-hundebett#breadcrumb\"},\"inLanguage\":\"de\",\"potentialAction\":[{\"@type\":\"ReadAction\",\"target\":[\"https:\\\/\\\/makermauz.de\\\/?product=schnittmuster-katzenbett-hundebett\"]}]},{\"@type\":\"ImageObject\",\"inLanguage\":\"de\",\"@id\":\"https:\\\/\\\/makermauz.de\\\/?product=schnittmuster-katzenbett-hundebett#primaryimage\",\"url\":\"https:\\\/\\\/makermauz.de\\\/wp-content\\\/uploads\\\/2024\\\/03\\\/schnittmuster_Katzenbett_Hundebett_Katzenkissen_Hundekissen_shop_maker-mauz-sewing-6.jpg\",\"contentUrl\":\"https:\\\/\\\/makermauz.de\\\/wp-content\\\/uploads\\\/2024\\\/03\\\/schnittmuster_Katzenbett_Hundebett_Katzenkissen_Hundekissen_shop_maker-mauz-sewing-6.jpg\",\"width\":1000,\"height\":1000,\"caption\":\"Katzenbett aus alter Decke\"},{\"@type\":\"BreadcrumbList\",\"@id\":\"https:\\\/\\\/makermauz.de\\\/?product=schnittmuster-katzenbett-hundebett#breadcrumb\",\"itemListElement\":[{\"@type\":\"ListItem\",\"position\":1,\"name\":\"Startseite\",\"item\":\"https:\\\/\\\/makermauz.de\\\/\"},{\"@type\":\"ListItem\",\"position\":2,\"name\":\"Shop\",\"item\":\"https:\\\/\\\/makermauz.de\\\/?page_id=2666\"},{\"@type\":\"ListItem\",\"position\":3,\"name\":\"Katzenbett \\\/ Hundebett\"}]},{\"@type\":\"WebSite\",\"@id\":\"https:\\\/\\\/makermauz.de\\\/#website\",\"url\":\"https:\\\/\\\/makermauz.de\\\/\",\"name\":\"Maker Mauz Sewing\",\"description\":\"N\u00e4hen lernen, Schnittmuster, N\u00e4hanleitungen, Plotterdateien, DIYs\",\"publisher\":{\"@id\":\"https:\\\/\\\/makermauz.de\\\/#\\\/schema\\\/person\\\/66099be1b4736a5fae4fdbba61fc3467\"},\"potentialAction\":[{\"@type\":\"SearchAction\",\"target\":{\"@type\":\"EntryPoint\",\"urlTemplate\":\"https:\\\/\\\/makermauz.de\\\/?s={search_term_string}\"},\"query-input\":{\"@type\":\"PropertyValueSpecification\",\"valueRequired\":true,\"valueName\":\"search_term_string\"}}],\"inLanguage\":\"de\"},{\"@type\":[\"Person\",\"Organization\"],\"@id\":\"https:\\\/\\\/makermauz.de\\\/#\\\/schema\\\/person\\\/66099be1b4736a5fae4fdbba61fc3467\",\"name\":\"Maker Mauz\",\"image\":{\"@type\":\"ImageObject\",\"inLanguage\":\"de\",\"@id\":\"https:\\\/\\\/secure.gravatar.com\\\/avatar\\\/d8220a7fcaab42a4ad29f49238f10b3cfff9d051acd6cc346f6a59384eed2871?s=96&d=mm&r=g\",\"url\":\"https:\\\/\\\/secure.gravatar.com\\\/avatar\\\/d8220a7fcaab42a4ad29f49238f10b3cfff9d051acd6cc346f6a59384eed2871?s=96&d=mm&r=g\",\"contentUrl\":\"https:\\\/\\\/secure.gravatar.com\\\/avatar\\\/d8220a7fcaab42a4ad29f49238f10b3cfff9d051acd6cc346f6a59384eed2871?s=96&d=mm&r=g\",\"caption\":\"Maker Mauz\"},\"logo\":{\"@id\":\"https:\\\/\\\/secure.gravatar.com\\\/avatar\\\/d8220a7fcaab42a4ad29f49238f10b3cfff9d051acd6cc346f6a59384eed2871?s=96&d=mm&r=g\"}}]}<\/script>\n<!-- \/ Yoast SEO plugin. -->","yoast_head_json":{"title":"Schnittmuster Katzenbett \/ Hundebett von Maker Mauz Sewing","description":"Das Katenbett \/ Hundebett kannst du in verschiedenen Gr\u00f6\u00dfen f\u00fcr Tiere von ca. 0 - 15 kg n\u00e4hen. Es besteht aus zwei Teilen und ist schnell und leicht gen\u00e4ht.","robots":{"index":"index","follow":"follow","max-snippet":"max-snippet:-1","max-image-preview":"max-image-preview:large","max-video-preview":"max-video-preview:-1"},"canonical":"https:\/\/makermauz.de\/?product=schnittmuster-katzenbett-hundebett","og_locale":"de_DE","og_type":"article","og_title":"Schnittmuster Katzenbett \/ Hundebett von Maker Mauz Sewing","og_description":"Das Katenbett \/ Hundebett kannst du in verschiedenen Gr\u00f6\u00dfen f\u00fcr Tiere von ca. 0 - 15 kg n\u00e4hen. Es besteht aus zwei Teilen und ist schnell und leicht gen\u00e4ht.","og_url":"https:\/\/makermauz.de\/?product=schnittmuster-katzenbett-hundebett","og_site_name":"Maker Mauz Sewing","article_modified_time":"2026-02-17T11:41:50+00:00","og_image":[{"width":1000,"height":1000,"url":"https:\/\/makermauz.de\/wp-content\/uploads\/2024\/03\/schnittmuster_Katzenbett_Hundebett_Katzenkissen_Hundekissen_shop_maker-mauz-sewing-6.jpg","type":"image\/jpeg"}],"twitter_card":"summary_large_image","twitter_misc":{"Gesch\u00e4tzte Lesezeit":"2\u00a0Minuten"},"schema":{"@context":"https:\/\/schema.org","@graph":[{"@type":"WebPage","@id":"https:\/\/makermauz.de\/?product=schnittmuster-katzenbett-hundebett","url":"https:\/\/makermauz.de\/?product=schnittmuster-katzenbett-hundebett","name":"Schnittmuster Katzenbett \/ Hundebett von Maker Mauz Sewing","isPartOf":{"@id":"https:\/\/makermauz.de\/#website"},"primaryImageOfPage":{"@id":"https:\/\/makermauz.de\/?product=schnittmuster-katzenbett-hundebett#primaryimage"},"image":{"@id":"https:\/\/makermauz.de\/?product=schnittmuster-katzenbett-hundebett#primaryimage"},"thumbnailUrl":"https:\/\/makermauz.de\/wp-content\/uploads\/2024\/03\/schnittmuster_Katzenbett_Hundebett_Katzenkissen_Hundekissen_shop_maker-mauz-sewing-6.jpg","datePublished":"2024-03-06T17:09:06+00:00","dateModified":"2026-02-17T11:41:50+00:00","description":"Das Katenbett \/ Hundebett kannst du in verschiedenen Gr\u00f6\u00dfen f\u00fcr Tiere von ca. 0 - 15 kg n\u00e4hen. Es besteht aus zwei Teilen und ist schnell und leicht gen\u00e4ht.","breadcrumb":{"@id":"https:\/\/makermauz.de\/?product=schnittmuster-katzenbett-hundebett#breadcrumb"},"inLanguage":"de","potentialAction":[{"@type":"ReadAction","target":["https:\/\/makermauz.de\/?product=schnittmuster-katzenbett-hundebett"]}]},{"@type":"ImageObject","inLanguage":"de","@id":"https:\/\/makermauz.de\/?product=schnittmuster-katzenbett-hundebett#primaryimage","url":"https:\/\/makermauz.de\/wp-content\/uploads\/2024\/03\/schnittmuster_Katzenbett_Hundebett_Katzenkissen_Hundekissen_shop_maker-mauz-sewing-6.jpg","contentUrl":"https:\/\/makermauz.de\/wp-content\/uploads\/2024\/03\/schnittmuster_Katzenbett_Hundebett_Katzenkissen_Hundekissen_shop_maker-mauz-sewing-6.jpg","width":1000,"height":1000,"caption":"Katzenbett aus alter Decke"},{"@type":"BreadcrumbList","@id":"https:\/\/makermauz.de\/?product=schnittmuster-katzenbett-hundebett#breadcrumb","itemListElement":[{"@type":"ListItem","position":1,"name":"Startseite","item":"https:\/\/makermauz.de\/"},{"@type":"ListItem","position":2,"name":"Shop","item":"https:\/\/makermauz.de\/?page_id=2666"},{"@type":"ListItem","position":3,"name":"Katzenbett \/ Hundebett"}]},{"@type":"WebSite","@id":"https:\/\/makermauz.de\/#website","url":"https:\/\/makermauz.de\/","name":"Maker Mauz Sewing","description":"N\u00e4hen lernen, Schnittmuster, N\u00e4hanleitungen, Plotterdateien, DIYs","publisher":{"@id":"https:\/\/makermauz.de\/#\/schema\/person\/66099be1b4736a5fae4fdbba61fc3467"},"potentialAction":[{"@type":"SearchAction","target":{"@type":"EntryPoint","urlTemplate":"https:\/\/makermauz.de\/?s={search_term_string}"},"query-input":{"@type":"PropertyValueSpecification","valueRequired":true,"valueName":"search_term_string"}}],"inLanguage":"de"},{"@type":["Person","Organization"],"@id":"https:\/\/makermauz.de\/#\/schema\/person\/66099be1b4736a5fae4fdbba61fc3467","name":"Maker Mauz","image":{"@type":"ImageObject","inLanguage":"de","@id":"https:\/\/secure.gravatar.com\/avatar\/d8220a7fcaab42a4ad29f49238f10b3cfff9d051acd6cc346f6a59384eed2871?s=96&d=mm&r=g","url":"https:\/\/secure.gravatar.com\/avatar\/d8220a7fcaab42a4ad29f49238f10b3cfff9d051acd6cc346f6a59384eed2871?s=96&d=mm&r=g","contentUrl":"https:\/\/secure.gravatar.com\/avatar\/d8220a7fcaab42a4ad29f49238f10b3cfff9d051acd6cc346f6a59384eed2871?s=96&d=mm&r=g","caption":"Maker Mauz"},"logo":{"@id":"https:\/\/secure.gravatar.com\/avatar\/d8220a7fcaab42a4ad29f49238f10b3cfff9d051acd6cc346f6a59384eed2871?s=96&d=mm&r=g"}}]}},"_links":{"self":[{"href":"https:\/\/makermauz.de\/index.php?rest_route=\/wp\/v2\/product\/7308","targetHints":{"allow":["GET"]}}],"collection":[{"href":"https:\/\/makermauz.de\/index.php?rest_route=\/wp\/v2\/product"}],"about":[{"href":"https:\/\/makermauz.de\/index.php?rest_route=\/wp\/v2\/types\/product"}],"replies":[{"embeddable":true,"href":"https:\/\/makermauz.de\/index.php?rest_route=%2Fwp%2Fv2%2Fcomments&post=7308"}],"version-history":[{"count":19,"href":"https:\/\/makermauz.de\/index.php?rest_route=\/wp\/v2\/product\/7308\/revisions"}],"predecessor-version":[{"id":8521,"href":"https:\/\/makermauz.de\/index.php?rest_route=\/wp\/v2\/product\/7308\/revisions\/8521"}],"wp:featuredmedia":[{"embeddable":true,"href":"https:\/\/makermauz.de\/index.php?rest_route=\/wp\/v2\/media\/7314"}],"wp:attachment":[{"href":"https:\/\/makermauz.de\/index.php?rest_route=%2Fwp%2Fv2%2Fmedia&parent=7308"}],"wp:term":[{"taxonomy":"product_brand","embeddable":true,"href":"https:\/\/makermauz.de\/index.php?rest_route=%2Fwp%2Fv2%2Fproduct_brand&post=7308"},{"taxonomy":"product_cat","embeddable":true,"href":"https:\/\/makermauz.de\/index.php?rest_route=%2Fwp%2Fv2%2Fproduct_cat&post=7308"},{"taxonomy":"product_tag","embeddable":true,"href":"https:\/\/makermauz.de\/index.php?rest_route=%2Fwp%2Fv2%2Fproduct_tag&post=7308"}],"curies":[{"name":"wp","href":"https:\/\/api.w.org\/{rel}","templated":true}]}}