{"id":7053,"date":"2023-12-21T13:57:04","date_gmt":"2023-12-21T13:57:04","guid":{"rendered":"https:\/\/makermauz.de\/?post_type=product&#038;p=7053"},"modified":"2026-02-17T11:42:36","modified_gmt":"2026-02-17T11:42:36","slug":"schnittmuster-handytasche-money-cat","status":"publish","type":"product","link":"https:\/\/makermauz.de\/?product=schnittmuster-handytasche-money-cat","title":{"rendered":"Handytasche Money Cat"},"content":{"rendered":"\t\t<div data-elementor-type=\"wp-post\" data-elementor-id=\"7053\" class=\"elementor elementor-7053\">\n\t\t\t\t<div class=\"elementor-element elementor-element-6bd6b46 e-flex e-con-boxed e-con e-parent\" data-id=\"6bd6b46\" data-element_type=\"container\" data-e-type=\"container\">\n\t\t\t\t\t<div class=\"e-con-inner\">\n\t\t\t\t<div class=\"elementor-element elementor-element-0609953 elementor-widget elementor-widget-text-editor\" data-id=\"0609953\" data-element_type=\"widget\" data-e-type=\"widget\" data-widget_type=\"text-editor.default\">\n\t\t\t\t<div class=\"elementor-widget-container\">\n\t\t\t\t\t\t\t\t\t<p>Das Schnittmuster Handytasche \u201eMoney Cat\u201c ist sehr variabel, so kann es z.B. ein Portemonnaie mit umlaufendem Rei\u00dfverschluss werden oder eine Umh\u00e4ngetasche mit Handyfach und integriertem Geldbeutel im Hoch oder Querformat. Im Inneren befindet sich ein M\u00fcnzfach mit Rei\u00dfverschluss, ein Einkaufswagen Chip Fach, 16 Kartenf\u00e4cher, sowie vier weiter F\u00e4cher und eine Tasche mit Verschluss. Au\u00dfen gibt es eine zus\u00e4tzliche Tasche. So hast du gen\u00fcgend Platz, um alle wichtigen Dinge wie Handy, Schl\u00fcssel, Geld und Karten zu verstauen. Die Tasche hat eine Abmessung von 11,8 cm x 23,2 cm x 2,8 cm im zugeklappten Zustand und 23,6 cm x 23,2 cm im aufgeklappten Zustand.<\/p><p><span style=\"color: #444444; font-family: Abel;\">N\u00e4hschwierigkeit: Mittel &#8211; Ben\u00f6tigt Fortgeschrittene Erfahrung (3 von 4)<\/span><\/p><p><a href=\"https:\/\/makermauz.de\/wp-content\/uploads\/2023\/12\/Lookbook_Handytasche-Money-Cat_Maker-Mauz-Sewing-1.pdf\">Lookbook mit den Proben\u00e4hbeispielen<\/a><\/p><p><strong>\u00a0<\/strong><strong>Das bekommst du:<\/strong><\/p><ul><li>Schnittmuster in A4 zum Ausdrucken und Zusammenkleben (im PDF Format)<\/li><li>Ausf\u00fchrliche Schritt f\u00fcr Schritt Anleitung (im PDF Format)<\/li><li>\u00a0YouTube Video Tutorial zum Schnittmuster\u00a0<\/li><\/ul><div><p><strong><br \/>Ben\u00f6tigtes Material:\u00a0<\/strong><\/p><\/div><ul><li>Als Grundmaterial f\u00fcr die Au\u00dfentasche eignet sich z.B. Kunstleder, Canvas, Korkstoff oder fester Velours. Der Stoff sollte stabil und fest sein, aber nicht zu starr.<\/li><li>F\u00fcr die Innentasche eignet sich nicht zu feste Baumwollwebware. B\u00fcgele diesen vorher mit Dampf oder wasche ihn vor, damit er nicht einl\u00e4uft.<\/li><li>Futterstoff u.a. Vlies H200 und S320 und 5mm Schaumstoff oder Volumenvlies<\/li><li>3 Plastikdruckkn\u00f6pfe (Optional auch <br \/>andere Verschl\u00fcsse z.B. Magnetverschluss, Drehverschluss usw.)<\/li><li><div>2 Rei\u00dfverschl\u00fcsse<\/div><\/li><li><div><div>Doppelseitiges Klebeband<\/div><\/div><\/li><li><div><div>Rei\u00dfverschlussn\u00e4hfu\u00df<\/div><\/div><\/li><li><div>2 Karabiner, Gurtband, 2 D-Ringe oder vierkant Ringe oder fertige Taschentr\u00e4ger<\/div><\/li><li>Optional: Tischset oder Kreativbogen<\/li><\/ul>\t\t\t\t\t\t\t\t<\/div>\n\t\t\t\t<\/div>\n\t\t\t\t\t<\/div>\n\t\t\t\t<\/div>\n\t\t<div class=\"elementor-element elementor-element-caa7d82 e-flex e-con-boxed e-con e-parent\" data-id=\"caa7d82\" data-element_type=\"container\" data-e-type=\"container\">\n\t\t\t\t\t<div class=\"e-con-inner\">\n\t\t\t\t<div class=\"elementor-element elementor-element-c333060 elementor-widget-divider--separator-type-pattern elementor-widget-divider--view-line elementor-widget elementor-widget-divider\" data-id=\"c333060\" data-element_type=\"widget\" data-e-type=\"widget\" data-widget_type=\"divider.default\">\n\t\t\t\t<div class=\"elementor-widget-container\">\n\t\t\t\t\t\t\t<div class=\"elementor-divider\" style=\"--divider-pattern-url: url(&quot;data:image\/svg+xml,%3Csvg xmlns=&#039;http:\/\/www.w3.org\/2000\/svg&#039; preserveAspectRatio=&#039;none&#039; overflow=&#039;visible&#039; height=&#039;100%&#039; viewBox=&#039;0 0 24 24&#039; fill=&#039;none&#039; stroke=&#039;black&#039; stroke-width=&#039;1&#039; stroke-linecap=&#039;square&#039; stroke-miterlimit=&#039;10&#039;%3E%3Cpolyline points=&#039;0,18 12,6 24,18 &#039;\/%3E%3C\/svg%3E&quot;);\">\n\t\t\t<span class=\"elementor-divider-separator\">\n\t\t\t\t\t\t<\/span>\n\t\t<\/div>\n\t\t\t\t\t\t<\/div>\n\t\t\t\t<\/div>\n\t\t\t\t\t<\/div>\n\t\t\t\t<\/div>\n\t\t<div class=\"elementor-element elementor-element-d6693df e-flex e-con-boxed e-con e-parent\" data-id=\"d6693df\" data-element_type=\"container\" data-e-type=\"container\" data-settings=\"{&quot;background_background&quot;:&quot;gradient&quot;}\">\n\t\t\t\t\t<div class=\"e-con-inner\">\n\t\t<div class=\"elementor-element elementor-element-307839b e-con-full e-flex e-con e-child\" data-id=\"307839b\" data-element_type=\"container\" data-e-type=\"container\">\n\t\t\t\t<div class=\"elementor-element elementor-element-464cfa6 elementor-widget elementor-widget-text-editor\" data-id=\"464cfa6\" data-element_type=\"widget\" data-e-type=\"widget\" data-widget_type=\"text-editor.default\">\n\t\t\t\t<div class=\"elementor-widget-container\">\n\t\t\t\t\t\t\t\t\t<h2 style=\"margin-bottom: 7.45312px; text-align: center;\"><span style=\"background-color: transparent;\">Videoanleitung<br \/><\/span>Handytasche Money Cat<\/h2><p style=\"font-family: Abel, sans-serif; text-align: center;\">Zus\u00e4tzlich zur PDF Anleitung werden dir die Arbeitsschritte die du zum N\u00e4hen der Tasche ben\u00f6tigst, in diesem Video noch mal Schritt f\u00fcr Schritt erkl\u00e4rt.<\/p><p style=\"font-family: Abel, sans-serif; text-align: center;\">Weitere N\u00e4hvideos findest du auf meinem\u00a0<a href=\"https:\/\/www.youtube.com\/c\/makermauzsewing\" target=\"_blank\" rel=\"noopener\">YouTube-Kanal Maker Mauz Sewing<\/a><\/p>\t\t\t\t\t\t\t\t<\/div>\n\t\t\t\t<\/div>\n\t\t\t\t<\/div>\n\t\t<div class=\"elementor-element elementor-element-f6da3c2 e-con-full e-flex e-con e-child\" data-id=\"f6da3c2\" data-element_type=\"container\" data-e-type=\"container\">\n\t\t\t\t<div class=\"elementor-element elementor-element-aac03d2 elementor-widget elementor-widget-video\" data-id=\"aac03d2\" data-element_type=\"widget\" data-e-type=\"widget\" data-settings=\"{&quot;youtube_url&quot;:&quot;https:\\\/\\\/youtu.be\\\/ftUhcLUB7X0&quot;,&quot;video_type&quot;:&quot;youtube&quot;,&quot;controls&quot;:&quot;yes&quot;}\" data-widget_type=\"video.default\">\n\t\t\t\t<div class=\"elementor-widget-container\">\n\t\t\t\t\t\t\t<div class=\"elementor-wrapper elementor-open-inline\">\n\t\t\t<div class=\"elementor-video\"><\/div>\t\t<\/div>\n\t\t\t\t\t\t<\/div>\n\t\t\t\t<\/div>\n\t\t\t\t<\/div>\n\t\t\t\t\t<\/div>\n\t\t\t\t<\/div>\n\t\t\t\t<\/div>\n\t\t","protected":false},"excerpt":{"rendered":"<ul>\n<li>PDF-Schnittmuster und N\u00e4hanleitung zum selber Ausdrucken, versandkostenfrei<\/li>\n<li>Sofort zum Download verf\u00fcgbar<\/li>\n<li>N\u00e4hschwierigkeit Mittel: Ben\u00f6tigt Fortgeschrittene Erfahrung (3 von 4)<\/li>\n<\/ul>\n","protected":false},"featured_media":7059,"comment_status":"open","ping_status":"closed","template":"","meta":{"om_disable_all_campaigns":false,"kt_blocks_editor_width":"","_monsterinsights_skip_tracking":false,"_monsterinsights_sitenote_active":false,"_monsterinsights_sitenote_note":"","_monsterinsights_sitenote_category":0,"_links_to":"","_links_to_target":""},"product_brand":[],"product_cat":[109,115],"product_tag":[158,119,157],"class_list":{"0":"post-7053","1":"product","2":"type-product","3":"status-publish","4":"has-post-thumbnail","6":"product_cat-schnittmuster","7":"product_cat-taschen","8":"product_tag-geldbeutel","9":"product_tag-naehen","10":"product_tag-tasche","12":"first","13":"instock","14":"downloadable","15":"virtual","16":"sold-individually","17":"purchasable","18":"product-type-simple"},"yoast_head":"<!-- This site is optimized with the Yoast SEO plugin v27.6 - https:\/\/yoast.com\/product\/yoast-seo-wordpress\/ -->\n<title>Schnittmuster Handytasche Money Cat<\/title>\n<meta name=\"description\" content=\"Das Schnittmuster Handytasche \u201eMoney Cat\u201c ist sehr variabel, so kann es z.B. ein Portemonnaie oder eine Handytasche im Hoch oder Querformat werden.\" \/>\n<meta name=\"robots\" content=\"index, follow, max-snippet:-1, max-image-preview:large, max-video-preview:-1\" \/>\n<link rel=\"canonical\" href=\"https:\/\/makermauz.de\/?product=schnittmuster-handytasche-money-cat\" \/>\n<meta property=\"og:locale\" content=\"de_DE\" \/>\n<meta property=\"og:type\" content=\"article\" \/>\n<meta property=\"og:title\" content=\"Schnittmuster Handytasche Money Cat\" \/>\n<meta property=\"og:description\" content=\"Das Schnittmuster Handytasche \u201eMoney Cat\u201c ist sehr variabel, so kann es z.B. ein Portemonnaie oder eine Handytasche im Hoch oder Querformat werden.\" \/>\n<meta property=\"og:url\" content=\"https:\/\/makermauz.de\/?product=schnittmuster-handytasche-money-cat\" \/>\n<meta property=\"og:site_name\" content=\"Maker Mauz Sewing\" \/>\n<meta property=\"article:modified_time\" content=\"2026-02-17T11:42:36+00:00\" \/>\n<meta property=\"og:image\" content=\"https:\/\/makermauz.de\/wp-content\/uploads\/2023\/12\/schnittmuster_Handytasche-Money-Cat_shop_maker-mauz-sewing-5.jpg\" \/>\n\t<meta property=\"og:image:width\" content=\"1000\" \/>\n\t<meta property=\"og:image:height\" content=\"1000\" \/>\n\t<meta property=\"og:image:type\" content=\"image\/jpeg\" \/>\n<meta name=\"twitter:card\" content=\"summary_large_image\" \/>\n<meta name=\"twitter:label1\" content=\"Gesch\u00e4tzte Lesezeit\" \/>\n\t<meta name=\"twitter:data1\" content=\"2\u00a0Minuten\" \/>\n<script type=\"application\/ld+json\" class=\"yoast-schema-graph\">{\"@context\":\"https:\\\/\\\/schema.org\",\"@graph\":[{\"@type\":\"WebPage\",\"@id\":\"https:\\\/\\\/makermauz.de\\\/?product=schnittmuster-handytasche-money-cat\",\"url\":\"https:\\\/\\\/makermauz.de\\\/?product=schnittmuster-handytasche-money-cat\",\"name\":\"Schnittmuster Handytasche Money Cat\",\"isPartOf\":{\"@id\":\"https:\\\/\\\/makermauz.de\\\/#website\"},\"primaryImageOfPage\":{\"@id\":\"https:\\\/\\\/makermauz.de\\\/?product=schnittmuster-handytasche-money-cat#primaryimage\"},\"image\":{\"@id\":\"https:\\\/\\\/makermauz.de\\\/?product=schnittmuster-handytasche-money-cat#primaryimage\"},\"thumbnailUrl\":\"https:\\\/\\\/makermauz.de\\\/wp-content\\\/uploads\\\/2023\\\/12\\\/schnittmuster_Handytasche-Money-Cat_shop_maker-mauz-sewing-5.jpg\",\"datePublished\":\"2023-12-21T13:57:04+00:00\",\"dateModified\":\"2026-02-17T11:42:36+00:00\",\"description\":\"Das Schnittmuster Handytasche \u201eMoney Cat\u201c ist sehr variabel, so kann es z.B. ein Portemonnaie oder eine Handytasche im Hoch oder Querformat werden.\",\"breadcrumb\":{\"@id\":\"https:\\\/\\\/makermauz.de\\\/?product=schnittmuster-handytasche-money-cat#breadcrumb\"},\"inLanguage\":\"de\",\"potentialAction\":[{\"@type\":\"ReadAction\",\"target\":[\"https:\\\/\\\/makermauz.de\\\/?product=schnittmuster-handytasche-money-cat\"]}]},{\"@type\":\"ImageObject\",\"inLanguage\":\"de\",\"@id\":\"https:\\\/\\\/makermauz.de\\\/?product=schnittmuster-handytasche-money-cat#primaryimage\",\"url\":\"https:\\\/\\\/makermauz.de\\\/wp-content\\\/uploads\\\/2023\\\/12\\\/schnittmuster_Handytasche-Money-Cat_shop_maker-mauz-sewing-5.jpg\",\"contentUrl\":\"https:\\\/\\\/makermauz.de\\\/wp-content\\\/uploads\\\/2023\\\/12\\\/schnittmuster_Handytasche-Money-Cat_shop_maker-mauz-sewing-5.jpg\",\"width\":1000,\"height\":1000,\"caption\":\"Schnittmuster Geldbeutel Handytasche Money Cat\"},{\"@type\":\"BreadcrumbList\",\"@id\":\"https:\\\/\\\/makermauz.de\\\/?product=schnittmuster-handytasche-money-cat#breadcrumb\",\"itemListElement\":[{\"@type\":\"ListItem\",\"position\":1,\"name\":\"Startseite\",\"item\":\"https:\\\/\\\/makermauz.de\\\/\"},{\"@type\":\"ListItem\",\"position\":2,\"name\":\"Shop\",\"item\":\"https:\\\/\\\/makermauz.de\\\/?page_id=2666\"},{\"@type\":\"ListItem\",\"position\":3,\"name\":\"Handytasche Money Cat\"}]},{\"@type\":\"WebSite\",\"@id\":\"https:\\\/\\\/makermauz.de\\\/#website\",\"url\":\"https:\\\/\\\/makermauz.de\\\/\",\"name\":\"Maker Mauz Sewing\",\"description\":\"N\u00e4hen lernen, Schnittmuster, N\u00e4hanleitungen, Plotterdateien, DIYs\",\"publisher\":{\"@id\":\"https:\\\/\\\/makermauz.de\\\/#\\\/schema\\\/person\\\/66099be1b4736a5fae4fdbba61fc3467\"},\"potentialAction\":[{\"@type\":\"SearchAction\",\"target\":{\"@type\":\"EntryPoint\",\"urlTemplate\":\"https:\\\/\\\/makermauz.de\\\/?s={search_term_string}\"},\"query-input\":{\"@type\":\"PropertyValueSpecification\",\"valueRequired\":true,\"valueName\":\"search_term_string\"}}],\"inLanguage\":\"de\"},{\"@type\":[\"Person\",\"Organization\"],\"@id\":\"https:\\\/\\\/makermauz.de\\\/#\\\/schema\\\/person\\\/66099be1b4736a5fae4fdbba61fc3467\",\"name\":\"Maker Mauz\",\"image\":{\"@type\":\"ImageObject\",\"inLanguage\":\"de\",\"@id\":\"https:\\\/\\\/secure.gravatar.com\\\/avatar\\\/d8220a7fcaab42a4ad29f49238f10b3cfff9d051acd6cc346f6a59384eed2871?s=96&d=mm&r=g\",\"url\":\"https:\\\/\\\/secure.gravatar.com\\\/avatar\\\/d8220a7fcaab42a4ad29f49238f10b3cfff9d051acd6cc346f6a59384eed2871?s=96&d=mm&r=g\",\"contentUrl\":\"https:\\\/\\\/secure.gravatar.com\\\/avatar\\\/d8220a7fcaab42a4ad29f49238f10b3cfff9d051acd6cc346f6a59384eed2871?s=96&d=mm&r=g\",\"caption\":\"Maker Mauz\"},\"logo\":{\"@id\":\"https:\\\/\\\/secure.gravatar.com\\\/avatar\\\/d8220a7fcaab42a4ad29f49238f10b3cfff9d051acd6cc346f6a59384eed2871?s=96&d=mm&r=g\"}}]}<\/script>\n<!-- \/ Yoast SEO plugin. -->","yoast_head_json":{"title":"Schnittmuster Handytasche Money Cat","description":"Das Schnittmuster Handytasche \u201eMoney Cat\u201c ist sehr variabel, so kann es z.B. ein Portemonnaie oder eine Handytasche im Hoch oder Querformat werden.","robots":{"index":"index","follow":"follow","max-snippet":"max-snippet:-1","max-image-preview":"max-image-preview:large","max-video-preview":"max-video-preview:-1"},"canonical":"https:\/\/makermauz.de\/?product=schnittmuster-handytasche-money-cat","og_locale":"de_DE","og_type":"article","og_title":"Schnittmuster Handytasche Money Cat","og_description":"Das Schnittmuster Handytasche \u201eMoney Cat\u201c ist sehr variabel, so kann es z.B. ein Portemonnaie oder eine Handytasche im Hoch oder Querformat werden.","og_url":"https:\/\/makermauz.de\/?product=schnittmuster-handytasche-money-cat","og_site_name":"Maker Mauz Sewing","article_modified_time":"2026-02-17T11:42:36+00:00","og_image":[{"width":1000,"height":1000,"url":"https:\/\/makermauz.de\/wp-content\/uploads\/2023\/12\/schnittmuster_Handytasche-Money-Cat_shop_maker-mauz-sewing-5.jpg","type":"image\/jpeg"}],"twitter_card":"summary_large_image","twitter_misc":{"Gesch\u00e4tzte Lesezeit":"2\u00a0Minuten"},"schema":{"@context":"https:\/\/schema.org","@graph":[{"@type":"WebPage","@id":"https:\/\/makermauz.de\/?product=schnittmuster-handytasche-money-cat","url":"https:\/\/makermauz.de\/?product=schnittmuster-handytasche-money-cat","name":"Schnittmuster Handytasche Money Cat","isPartOf":{"@id":"https:\/\/makermauz.de\/#website"},"primaryImageOfPage":{"@id":"https:\/\/makermauz.de\/?product=schnittmuster-handytasche-money-cat#primaryimage"},"image":{"@id":"https:\/\/makermauz.de\/?product=schnittmuster-handytasche-money-cat#primaryimage"},"thumbnailUrl":"https:\/\/makermauz.de\/wp-content\/uploads\/2023\/12\/schnittmuster_Handytasche-Money-Cat_shop_maker-mauz-sewing-5.jpg","datePublished":"2023-12-21T13:57:04+00:00","dateModified":"2026-02-17T11:42:36+00:00","description":"Das Schnittmuster Handytasche \u201eMoney Cat\u201c ist sehr variabel, so kann es z.B. ein Portemonnaie oder eine Handytasche im Hoch oder Querformat werden.","breadcrumb":{"@id":"https:\/\/makermauz.de\/?product=schnittmuster-handytasche-money-cat#breadcrumb"},"inLanguage":"de","potentialAction":[{"@type":"ReadAction","target":["https:\/\/makermauz.de\/?product=schnittmuster-handytasche-money-cat"]}]},{"@type":"ImageObject","inLanguage":"de","@id":"https:\/\/makermauz.de\/?product=schnittmuster-handytasche-money-cat#primaryimage","url":"https:\/\/makermauz.de\/wp-content\/uploads\/2023\/12\/schnittmuster_Handytasche-Money-Cat_shop_maker-mauz-sewing-5.jpg","contentUrl":"https:\/\/makermauz.de\/wp-content\/uploads\/2023\/12\/schnittmuster_Handytasche-Money-Cat_shop_maker-mauz-sewing-5.jpg","width":1000,"height":1000,"caption":"Schnittmuster Geldbeutel Handytasche Money Cat"},{"@type":"BreadcrumbList","@id":"https:\/\/makermauz.de\/?product=schnittmuster-handytasche-money-cat#breadcrumb","itemListElement":[{"@type":"ListItem","position":1,"name":"Startseite","item":"https:\/\/makermauz.de\/"},{"@type":"ListItem","position":2,"name":"Shop","item":"https:\/\/makermauz.de\/?page_id=2666"},{"@type":"ListItem","position":3,"name":"Handytasche Money Cat"}]},{"@type":"WebSite","@id":"https:\/\/makermauz.de\/#website","url":"https:\/\/makermauz.de\/","name":"Maker Mauz Sewing","description":"N\u00e4hen lernen, Schnittmuster, N\u00e4hanleitungen, Plotterdateien, DIYs","publisher":{"@id":"https:\/\/makermauz.de\/#\/schema\/person\/66099be1b4736a5fae4fdbba61fc3467"},"potentialAction":[{"@type":"SearchAction","target":{"@type":"EntryPoint","urlTemplate":"https:\/\/makermauz.de\/?s={search_term_string}"},"query-input":{"@type":"PropertyValueSpecification","valueRequired":true,"valueName":"search_term_string"}}],"inLanguage":"de"},{"@type":["Person","Organization"],"@id":"https:\/\/makermauz.de\/#\/schema\/person\/66099be1b4736a5fae4fdbba61fc3467","name":"Maker Mauz","image":{"@type":"ImageObject","inLanguage":"de","@id":"https:\/\/secure.gravatar.com\/avatar\/d8220a7fcaab42a4ad29f49238f10b3cfff9d051acd6cc346f6a59384eed2871?s=96&d=mm&r=g","url":"https:\/\/secure.gravatar.com\/avatar\/d8220a7fcaab42a4ad29f49238f10b3cfff9d051acd6cc346f6a59384eed2871?s=96&d=mm&r=g","contentUrl":"https:\/\/secure.gravatar.com\/avatar\/d8220a7fcaab42a4ad29f49238f10b3cfff9d051acd6cc346f6a59384eed2871?s=96&d=mm&r=g","caption":"Maker Mauz"},"logo":{"@id":"https:\/\/secure.gravatar.com\/avatar\/d8220a7fcaab42a4ad29f49238f10b3cfff9d051acd6cc346f6a59384eed2871?s=96&d=mm&r=g"}}]}},"_links":{"self":[{"href":"https:\/\/makermauz.de\/index.php?rest_route=\/wp\/v2\/product\/7053","targetHints":{"allow":["GET"]}}],"collection":[{"href":"https:\/\/makermauz.de\/index.php?rest_route=\/wp\/v2\/product"}],"about":[{"href":"https:\/\/makermauz.de\/index.php?rest_route=\/wp\/v2\/types\/product"}],"replies":[{"embeddable":true,"href":"https:\/\/makermauz.de\/index.php?rest_route=%2Fwp%2Fv2%2Fcomments&post=7053"}],"version-history":[{"count":42,"href":"https:\/\/makermauz.de\/index.php?rest_route=\/wp\/v2\/product\/7053\/revisions"}],"predecessor-version":[{"id":7181,"href":"https:\/\/makermauz.de\/index.php?rest_route=\/wp\/v2\/product\/7053\/revisions\/7181"}],"wp:featuredmedia":[{"embeddable":true,"href":"https:\/\/makermauz.de\/index.php?rest_route=\/wp\/v2\/media\/7059"}],"wp:attachment":[{"href":"https:\/\/makermauz.de\/index.php?rest_route=%2Fwp%2Fv2%2Fmedia&parent=7053"}],"wp:term":[{"taxonomy":"product_brand","embeddable":true,"href":"https:\/\/makermauz.de\/index.php?rest_route=%2Fwp%2Fv2%2Fproduct_brand&post=7053"},{"taxonomy":"product_cat","embeddable":true,"href":"https:\/\/makermauz.de\/index.php?rest_route=%2Fwp%2Fv2%2Fproduct_cat&post=7053"},{"taxonomy":"product_tag","embeddable":true,"href":"https:\/\/makermauz.de\/index.php?rest_route=%2Fwp%2Fv2%2Fproduct_tag&post=7053"}],"curies":[{"name":"wp","href":"https:\/\/api.w.org\/{rel}","templated":true}]}}