{"id":242,"date":"2016-04-20T14:03:33","date_gmt":"2016-04-20T14:03:33","guid":{"rendered":"https:\/\/makermauz.de\/?page_id=242"},"modified":"2022-09-13T11:02:24","modified_gmt":"2022-09-13T11:02:24","slug":"fadenlauf","status":"publish","type":"page","link":"https:\/\/makermauz.de\/?page_id=242","title":{"rendered":"Fadenlauf"},"content":{"rendered":"\t\t<div data-elementor-type=\"wp-page\" data-elementor-id=\"242\" class=\"elementor elementor-242\">\n\t\t\t\t\t\t<section class=\"elementor-section elementor-top-section elementor-element elementor-element-5c05e763 elementor-section-boxed elementor-section-height-default elementor-section-height-default\" data-id=\"5c05e763\" data-element_type=\"section\" data-e-type=\"section\">\n\t\t\t\t\t\t<div class=\"elementor-container elementor-column-gap-default\">\n\t\t\t\t\t<div class=\"elementor-column elementor-col-100 elementor-top-column elementor-element elementor-element-56608a63\" data-id=\"56608a63\" data-element_type=\"column\" data-e-type=\"column\">\n\t\t\t<div class=\"elementor-widget-wrap elementor-element-populated\">\n\t\t\t\t\t\t<div class=\"elementor-element elementor-element-1d9ad4c0 elementor-widget elementor-widget-text-editor\" data-id=\"1d9ad4c0\" data-element_type=\"widget\" data-e-type=\"widget\" data-widget_type=\"text-editor.default\">\n\t\t\t\t<div class=\"elementor-widget-container\">\n\t\t\t\t\t\t\t\t\t<h1>Der Fadenlauf<\/h1>\nIhr habt euren ersten Schnitt in der Hand und wollt loslegen? Doch schon stellt sich die Frage, was ist der Fadenlauf. Der Pfeil auf dem Schnittmuster zeigt die Richtung des Fadenlaufs an. Aber was bedeutet das auf dem Stoff?\nDamit das Kleidungsst\u00fcck gelingt, sollte man sich mit wichtigsten Begrifflichkeiten auseinandersetzen. Die Eigenschaften des Stoffes beeinflussen den Fall des Stoffes. Beachtet man dies nicht, k\u00f6nnen die Seitenn\u00e4hte wellig werden oder sich verziehen, selbst der Saum k\u00f6nnte schief werden, obwohl man gerade geschnitten hat.\n\nWie das Schnittmuster gelegt werden muss, bestimmt der Aufbau des Stoffes. Man unterscheidet die 3 folgenden Arten: Webstoffe, Maschenware und Stoffe ohne Fadenlauf.\n\n<img fetchpriority=\"high\" decoding=\"async\" class=\"alignnone wp-image-240 size-full\" src=\"https:\/\/makermauz.de\/wp-content\/uploads\/2019\/12\/MakerMauz-Fadenlauf-Webkante.jpg\" alt=\"Fadenlauf Webkante\" width=\"943\" height=\"365\" srcset=\"https:\/\/makermauz.de\/wp-content\/uploads\/2019\/12\/MakerMauz-Fadenlauf-Webkante.jpg 943w, https:\/\/makermauz.de\/wp-content\/uploads\/2019\/12\/MakerMauz-Fadenlauf-Webkante-600x232.jpg 600w, https:\/\/makermauz.de\/wp-content\/uploads\/2019\/12\/MakerMauz-Fadenlauf-Webkante-300x116.jpg 300w, https:\/\/makermauz.de\/wp-content\/uploads\/2019\/12\/MakerMauz-Fadenlauf-Webkante-768x297.jpg 768w\" sizes=\"(max-width: 943px) 100vw, 943px\" \/>\n<ul>\n \t<li>Gewebte Stoffe bestehen meist aus zwei Fadensystemen: Den Kettf\u00e4den und den Schussf\u00e4den. Die Kettf\u00e4den sind f\u00fcr die L\u00e4nge des Stoffes verantwortlich. Die Schussf\u00e4den werden waagrecht dazu abwechselnd \u00fcber und unter den Kettf\u00e4den gef\u00e4delt. Die Webkante ist die feste Kante an der L\u00e4ngsseite des Stoffes und l\u00e4uft parallel zum Fadenlauf. Der Querfadenlauf ist rechtwinklig zum Fadenlauf, der schr\u00e4ge Fadenlauf verl\u00e4uft im 45\u00b0 Winkel zu den geraden Kanten. Die meisten Kleidungsst\u00fccke werden im L\u00e4ngsfadenlauf geschnitten, da die Kettf\u00e4den am stabilsten sind. Der Stoff dehnt sich somit kaum. Im Querfadenlauf ist der Stoff dehnbarer. Am meisten dehnbar ist der Stoff im 45\u00b0 Winkel. Um eine bessere Passform zu erreichen, werden manche Teile in Querrichtung wie z.B. \u00c4rmelb\u00fcndchen (Ansatznaht wird so stabiler) oder Schulterpassen geschnitten.<\/li>\n<\/ul>\n<img decoding=\"async\" class=\"alignnone wp-image-239 size-full\" src=\"https:\/\/makermauz.de\/wp-content\/uploads\/2019\/12\/MakerMauz_Fadenlauf_Webstoffe.jpg\" alt=\"Fadenlauf Webstoffe\" width=\"1141\" height=\"454\" srcset=\"https:\/\/makermauz.de\/wp-content\/uploads\/2019\/12\/MakerMauz_Fadenlauf_Webstoffe.jpg 1141w, https:\/\/makermauz.de\/wp-content\/uploads\/2019\/12\/MakerMauz_Fadenlauf_Webstoffe-600x239.jpg 600w, https:\/\/makermauz.de\/wp-content\/uploads\/2019\/12\/MakerMauz_Fadenlauf_Webstoffe-300x119.jpg 300w, https:\/\/makermauz.de\/wp-content\/uploads\/2019\/12\/MakerMauz_Fadenlauf_Webstoffe-1024x407.jpg 1024w, https:\/\/makermauz.de\/wp-content\/uploads\/2019\/12\/MakerMauz_Fadenlauf_Webstoffe-768x306.jpg 768w\" sizes=\"(max-width: 1141px) 100vw, 1141px\" \/>\n<ul>\n \t<li>Maschenware (auch Strickstoffe genannt) besteht aus einem Faden, der aus vielen ineinander verschlungenen Schlingen gebildet wird, wie z.B. Single Jersey. Es gibt aber auch komplexere Formen aus mehreren Garnen. Auch bei Maschenware ist der vertikale Verlauf der Schlingen der Fadenlauf. Horizontal bzw. quer zum Fadenlauf ist der Querfadenlauf. Stoffe mit Maschen sind dehnbarer als Webware.<\/li>\n<\/ul>\n<img decoding=\"async\" class=\"alignnone wp-image-238 size-full\" src=\"https:\/\/makermauz.de\/wp-content\/uploads\/2019\/12\/MakerMauz_Fadenlauf_Maschenware.jpg\" alt=\"Fadenlauf Maschenware\" width=\"1141\" height=\"454\" srcset=\"https:\/\/makermauz.de\/wp-content\/uploads\/2019\/12\/MakerMauz_Fadenlauf_Maschenware.jpg 1141w, https:\/\/makermauz.de\/wp-content\/uploads\/2019\/12\/MakerMauz_Fadenlauf_Maschenware-600x239.jpg 600w, https:\/\/makermauz.de\/wp-content\/uploads\/2019\/12\/MakerMauz_Fadenlauf_Maschenware-300x119.jpg 300w, https:\/\/makermauz.de\/wp-content\/uploads\/2019\/12\/MakerMauz_Fadenlauf_Maschenware-1024x407.jpg 1024w, https:\/\/makermauz.de\/wp-content\/uploads\/2019\/12\/MakerMauz_Fadenlauf_Maschenware-768x306.jpg 768w\" sizes=\"(max-width: 1141px) 100vw, 1141px\" \/>\n<ul>\n \t<li>Stoffe ohne Fadenlauf k\u00f6nnen z.B. Filz, Leder, Kunststoff, T\u00fcll oder Vlieseinlagen sein. Bei diesen Stoffen legt man die Schnittteile so, dass man m\u00f6glichst wenig Stoffabfall produziert.<\/li>\n<\/ul>\n<a href=\"https:\/\/makermauz.de\/stoffe\/\">Mehr zum Thema Stoffe findet ihr hier.<\/a>\t\t\t\t\t\t\t\t<\/div>\n\t\t\t\t<\/div>\n\t\t\t\t<div class=\"elementor-element elementor-element-01e1cf2 elementor-widget-divider--separator-type-pattern elementor-widget-divider--view-line elementor-widget elementor-widget-divider\" data-id=\"01e1cf2\" data-element_type=\"widget\" data-e-type=\"widget\" data-widget_type=\"divider.default\">\n\t\t\t\t<div class=\"elementor-widget-container\">\n\t\t\t\t\t\t\t<div class=\"elementor-divider\" style=\"--divider-pattern-url: url(&quot;data:image\/svg+xml,%3Csvg xmlns=&#039;http:\/\/www.w3.org\/2000\/svg&#039; preserveAspectRatio=&#039;none&#039; overflow=&#039;visible&#039; height=&#039;100%&#039; viewBox=&#039;0 0 24 24&#039; fill=&#039;none&#039; stroke=&#039;black&#039; stroke-width=&#039;1&#039; stroke-linecap=&#039;square&#039; stroke-miterlimit=&#039;10&#039;%3E%3Cpolyline points=&#039;0,18 12,6 24,18 &#039;\/%3E%3C\/svg%3E&quot;);\">\n\t\t\t<span class=\"elementor-divider-separator\">\n\t\t\t\t\t\t<\/span>\n\t\t<\/div>\n\t\t\t\t\t\t<\/div>\n\t\t\t\t<\/div>\n\t\t\t\t\t<\/div>\n\t\t<\/div>\n\t\t\t\t\t<\/div>\n\t\t<\/section>\n\t\t\t\t<section class=\"elementor-section elementor-top-section elementor-element elementor-element-1cd680b elementor-section-boxed elementor-section-height-default elementor-section-height-default\" data-id=\"1cd680b\" data-element_type=\"section\" data-e-type=\"section\">\n\t\t\t\t\t\t<div class=\"elementor-container elementor-column-gap-default\">\n\t\t\t\t\t<div class=\"elementor-column elementor-col-100 elementor-top-column elementor-element elementor-element-8ea91d1\" data-id=\"8ea91d1\" data-element_type=\"column\" data-e-type=\"column\">\n\t\t\t<div class=\"elementor-widget-wrap elementor-element-populated\">\n\t\t\t\t\t\t<div class=\"elementor-element elementor-element-e9783ef elementor-widget elementor-widget-text-editor\" data-id=\"e9783ef\" data-element_type=\"widget\" data-e-type=\"widget\" data-widget_type=\"text-editor.default\">\n\t\t\t\t<div class=\"elementor-widget-container\">\n\t\t\t\t\t\t\t\t\t<h3 style=\"margin-bottom: 18.3941px;\"><span style=\"font-weight: bold;\">Das k\u00f6nnte dich auch interessieren:<\/span><\/h3>\t\t\t\t\t\t\t\t<\/div>\n\t\t\t\t<\/div>\n\t\t\t\t\t<\/div>\n\t\t<\/div>\n\t\t\t\t\t<\/div>\n\t\t<\/section>\n\t\t\t\t<section class=\"elementor-section elementor-top-section elementor-element elementor-element-c9e248f elementor-section-boxed elementor-section-height-default elementor-section-height-default\" data-id=\"c9e248f\" data-element_type=\"section\" data-e-type=\"section\">\n\t\t\t\t\t\t<div class=\"elementor-container elementor-column-gap-default\">\n\t\t\t\t\t<div class=\"elementor-column elementor-col-25 elementor-top-column elementor-element elementor-element-9fbdcfe\" data-id=\"9fbdcfe\" data-element_type=\"column\" data-e-type=\"column\">\n\t\t\t<div class=\"elementor-widget-wrap elementor-element-populated\">\n\t\t\t\t\t\t<div class=\"elementor-element elementor-element-e39ed72 elementor-widget elementor-widget-image\" data-id=\"e39ed72\" data-element_type=\"widget\" data-e-type=\"widget\" data-widget_type=\"image.default\">\n\t\t\t\t<div class=\"elementor-widget-container\">\n\t\t\t\t\t\t\t\t\t\t\t\t\t\t\t\t<a href=\"https:\/\/makermauz.de\/naehmaschine\/\">\n\t\t\t\t\t\t\t<img loading=\"lazy\" decoding=\"async\" width=\"425\" height=\"425\" src=\"https:\/\/makermauz.de\/wp-content\/uploads\/2019\/12\/MakerMauz-Naehlexikon-Naehmaschine.jpg\" class=\"attachment-large size-large wp-image-225\" alt=\"MakerMauz Naehlexikon Naehmaschine\" srcset=\"https:\/\/makermauz.de\/wp-content\/uploads\/2019\/12\/MakerMauz-Naehlexikon-Naehmaschine.jpg 425w, https:\/\/makermauz.de\/wp-content\/uploads\/2019\/12\/MakerMauz-Naehlexikon-Naehmaschine-300x300.jpg 300w, https:\/\/makermauz.de\/wp-content\/uploads\/2019\/12\/MakerMauz-Naehlexikon-Naehmaschine-100x100.jpg 100w, https:\/\/makermauz.de\/wp-content\/uploads\/2019\/12\/MakerMauz-Naehlexikon-Naehmaschine-150x150.jpg 150w, https:\/\/makermauz.de\/wp-content\/uploads\/2019\/12\/MakerMauz-Naehlexikon-Naehmaschine-400x400.jpg 400w, https:\/\/makermauz.de\/wp-content\/uploads\/2019\/12\/MakerMauz-Naehlexikon-Naehmaschine-365x365.jpg 365w\" sizes=\"(max-width: 425px) 100vw, 425px\" \/>\t\t\t\t\t\t\t\t<\/a>\n\t\t\t\t\t\t\t\t\t\t\t\t\t\t\t<\/div>\n\t\t\t\t<\/div>\n\t\t\t\t\t<\/div>\n\t\t<\/div>\n\t\t\t\t<div class=\"elementor-column elementor-col-25 elementor-top-column elementor-element elementor-element-603d5a6\" data-id=\"603d5a6\" data-element_type=\"column\" data-e-type=\"column\">\n\t\t\t<div class=\"elementor-widget-wrap elementor-element-populated\">\n\t\t\t\t\t\t<div class=\"elementor-element elementor-element-059c44f elementor-widget elementor-widget-image\" data-id=\"059c44f\" data-element_type=\"widget\" data-e-type=\"widget\" data-widget_type=\"image.default\">\n\t\t\t\t<div class=\"elementor-widget-container\">\n\t\t\t\t\t\t\t\t\t\t\t\t\t\t\t\t<a href=\"https:\/\/makermauz.de\/mass-nehmen\/\">\n\t\t\t\t\t\t\t<img loading=\"lazy\" decoding=\"async\" width=\"400\" height=\"400\" src=\"https:\/\/makermauz.de\/wp-content\/uploads\/2019\/12\/Vorlage-Vorschaubilder-Ma\u00df-nehmen-400x400-1.jpg\" class=\"attachment-large size-large wp-image-312\" alt=\"Vorlage Vorschaubilder Ma\u00df nehmen\" srcset=\"https:\/\/makermauz.de\/wp-content\/uploads\/2019\/12\/Vorlage-Vorschaubilder-Ma\u00df-nehmen-400x400-1.jpg 400w, https:\/\/makermauz.de\/wp-content\/uploads\/2019\/12\/Vorlage-Vorschaubilder-Ma\u00df-nehmen-400x400-1-300x300.jpg 300w, https:\/\/makermauz.de\/wp-content\/uploads\/2019\/12\/Vorlage-Vorschaubilder-Ma\u00df-nehmen-400x400-1-100x100.jpg 100w, https:\/\/makermauz.de\/wp-content\/uploads\/2019\/12\/Vorlage-Vorschaubilder-Ma\u00df-nehmen-400x400-1-150x150.jpg 150w\" sizes=\"(max-width: 400px) 100vw, 400px\" \/>\t\t\t\t\t\t\t\t<\/a>\n\t\t\t\t\t\t\t\t\t\t\t\t\t\t\t<\/div>\n\t\t\t\t<\/div>\n\t\t\t\t\t<\/div>\n\t\t<\/div>\n\t\t\t\t<div class=\"elementor-column elementor-col-25 elementor-top-column elementor-element elementor-element-12c7f3a\" data-id=\"12c7f3a\" data-element_type=\"column\" data-e-type=\"column\">\n\t\t\t<div class=\"elementor-widget-wrap elementor-element-populated\">\n\t\t\t\t\t\t<div class=\"elementor-element elementor-element-b6bdda1 elementor-widget elementor-widget-image\" data-id=\"b6bdda1\" data-element_type=\"widget\" data-e-type=\"widget\" data-widget_type=\"image.default\">\n\t\t\t\t<div class=\"elementor-widget-container\">\n\t\t\t\t\t\t\t\t\t\t\t\t\t\t\t\t<a href=\"https:\/\/makermauz.de\/schnittmuster-kreistasche-lorrie\/\">\n\t\t\t\t\t\t\t<img loading=\"lazy\" decoding=\"async\" width=\"365\" height=\"365\" src=\"https:\/\/makermauz.de\/wp-content\/uploads\/2021\/08\/Kreis-Tasche-Lorrie-Schnittmuster-Naehanleitung-Maker-Mauz-Sewing-Vorschaubild.jpg\" class=\"attachment-large size-large wp-image-2176\" alt=\"Kreistasche Lorrie Schnittmuster und Anleitung\" srcset=\"https:\/\/makermauz.de\/wp-content\/uploads\/2021\/08\/Kreis-Tasche-Lorrie-Schnittmuster-Naehanleitung-Maker-Mauz-Sewing-Vorschaubild.jpg 365w, https:\/\/makermauz.de\/wp-content\/uploads\/2021\/08\/Kreis-Tasche-Lorrie-Schnittmuster-Naehanleitung-Maker-Mauz-Sewing-Vorschaubild-300x300.jpg 300w, https:\/\/makermauz.de\/wp-content\/uploads\/2021\/08\/Kreis-Tasche-Lorrie-Schnittmuster-Naehanleitung-Maker-Mauz-Sewing-Vorschaubild-100x100.jpg 100w, https:\/\/makermauz.de\/wp-content\/uploads\/2021\/08\/Kreis-Tasche-Lorrie-Schnittmuster-Naehanleitung-Maker-Mauz-Sewing-Vorschaubild-150x150.jpg 150w\" sizes=\"(max-width: 365px) 100vw, 365px\" \/>\t\t\t\t\t\t\t\t<\/a>\n\t\t\t\t\t\t\t\t\t\t\t\t\t\t\t<\/div>\n\t\t\t\t<\/div>\n\t\t\t\t\t<\/div>\n\t\t<\/div>\n\t\t\t\t<div class=\"elementor-column elementor-col-25 elementor-top-column elementor-element elementor-element-287abd0\" data-id=\"287abd0\" data-element_type=\"column\" data-e-type=\"column\">\n\t\t\t<div class=\"elementor-widget-wrap elementor-element-populated\">\n\t\t\t\t\t\t<div class=\"elementor-element elementor-element-858965d elementor-widget elementor-widget-image\" data-id=\"858965d\" data-element_type=\"widget\" data-e-type=\"widget\" data-widget_type=\"image.default\">\n\t\t\t\t<div class=\"elementor-widget-container\">\n\t\t\t\t\t\t\t\t\t\t\t\t\t\t\t\t<a href=\"https:\/\/makermauz.de\/schnittmuster-laptoptasche-business\/\">\n\t\t\t\t\t\t\t<img loading=\"lazy\" decoding=\"async\" width=\"365\" height=\"365\" src=\"https:\/\/makermauz.de\/wp-content\/uploads\/2020\/06\/Laptoptasche-n\u00e4hen-Schnittmuster-Maker-Mauz-Sewing-Vorschaubild.jpg\" class=\"attachment-large size-large wp-image-950\" alt=\"Schnittmuster Laptoptasche\" srcset=\"https:\/\/makermauz.de\/wp-content\/uploads\/2020\/06\/Laptoptasche-n\u00e4hen-Schnittmuster-Maker-Mauz-Sewing-Vorschaubild.jpg 365w, https:\/\/makermauz.de\/wp-content\/uploads\/2020\/06\/Laptoptasche-n\u00e4hen-Schnittmuster-Maker-Mauz-Sewing-Vorschaubild-300x300.jpg 300w, https:\/\/makermauz.de\/wp-content\/uploads\/2020\/06\/Laptoptasche-n\u00e4hen-Schnittmuster-Maker-Mauz-Sewing-Vorschaubild-100x100.jpg 100w, https:\/\/makermauz.de\/wp-content\/uploads\/2020\/06\/Laptoptasche-n\u00e4hen-Schnittmuster-Maker-Mauz-Sewing-Vorschaubild-150x150.jpg 150w\" sizes=\"(max-width: 365px) 100vw, 365px\" \/>\t\t\t\t\t\t\t\t<\/a>\n\t\t\t\t\t\t\t\t\t\t\t\t\t\t\t<\/div>\n\t\t\t\t<\/div>\n\t\t\t\t\t<\/div>\n\t\t<\/div>\n\t\t\t\t\t<\/div>\n\t\t<\/section>\n\t\t\t\t<\/div>\n\t\t","protected":false},"excerpt":{"rendered":"<p>Der Fadenlauf Ihr habt euren ersten Schnitt in der Hand und wollt loslegen? Doch schon stellt sich die Frage, was ist der Fadenlauf. Der Pfeil auf dem Schnittmuster zeigt die Richtung des Fadenlaufs an. Aber was bedeutet das auf dem &hellip; <a href=\"https:\/\/makermauz.de\/?page_id=242\">Weiter<\/a><\/p>\n","protected":false},"author":1,"featured_media":0,"parent":0,"menu_order":0,"comment_status":"closed","ping_status":"closed","template":"","meta":{"om_disable_all_campaigns":false,"kt_blocks_editor_width":"","_monsterinsights_skip_tracking":false,"_monsterinsights_sitenote_active":false,"_monsterinsights_sitenote_note":"","_monsterinsights_sitenote_category":0,"footnotes":"","_links_to":"","_links_to_target":""},"class_list":["post-242","page","type-page","status-publish","hentry"],"yoast_head":"<!-- This site is optimized with the Yoast SEO plugin v27.6 - https:\/\/yoast.com\/product\/yoast-seo-wordpress\/ -->\n<title>Der Fadenlauf - so legt man das Schnittmuster auf den Stoff.<\/title>\n<meta name=\"description\" content=\"Bevor ihr mit dem Zuschnitt beginnt m\u00fcsst ihr unbedingt den Schnitt im Fadenlauf auf den Stoff legen. Wie das geht zeige ich euch hier.\" \/>\n<meta name=\"robots\" content=\"index, follow, max-snippet:-1, max-image-preview:large, max-video-preview:-1\" \/>\n<link rel=\"canonical\" href=\"https:\/\/makermauz.de\/?page_id=242\" \/>\n<meta property=\"og:locale\" content=\"de_DE\" \/>\n<meta property=\"og:type\" content=\"article\" \/>\n<meta property=\"og:title\" content=\"Der Fadenlauf - so legt man das Schnittmuster auf den Stoff.\" \/>\n<meta property=\"og:description\" content=\"Bevor ihr mit dem Zuschnitt beginnt m\u00fcsst ihr unbedingt den Schnitt im Fadenlauf auf den Stoff legen. Wie das geht zeige ich euch hier.\" \/>\n<meta property=\"og:url\" content=\"https:\/\/makermauz.de\/?page_id=242\" \/>\n<meta property=\"og:site_name\" content=\"Maker Mauz Sewing\" \/>\n<meta property=\"article:modified_time\" content=\"2022-09-13T11:02:24+00:00\" \/>\n<meta property=\"og:image\" content=\"https:\/\/makermauz.de\/wp-content\/uploads\/2019\/12\/MakerMauz-Fadenlauf-Webkante.jpg\" \/>\n<meta name=\"twitter:card\" content=\"summary_large_image\" \/>\n<meta name=\"twitter:label1\" content=\"Gesch\u00e4tzte Lesezeit\" \/>\n\t<meta name=\"twitter:data1\" content=\"4\u00a0Minuten\" \/>\n<script type=\"application\/ld+json\" class=\"yoast-schema-graph\">{\"@context\":\"https:\\\/\\\/schema.org\",\"@graph\":[{\"@type\":\"WebPage\",\"@id\":\"https:\\\/\\\/makermauz.de\\\/?page_id=242\",\"url\":\"https:\\\/\\\/makermauz.de\\\/?page_id=242\",\"name\":\"Der Fadenlauf - so legt man das Schnittmuster auf den Stoff.\",\"isPartOf\":{\"@id\":\"https:\\\/\\\/makermauz.de\\\/#website\"},\"primaryImageOfPage\":{\"@id\":\"https:\\\/\\\/makermauz.de\\\/?page_id=242#primaryimage\"},\"image\":{\"@id\":\"https:\\\/\\\/makermauz.de\\\/?page_id=242#primaryimage\"},\"thumbnailUrl\":\"https:\\\/\\\/makermauz.de\\\/wp-content\\\/uploads\\\/2019\\\/12\\\/MakerMauz-Fadenlauf-Webkante.jpg\",\"datePublished\":\"2016-04-20T14:03:33+00:00\",\"dateModified\":\"2022-09-13T11:02:24+00:00\",\"description\":\"Bevor ihr mit dem Zuschnitt beginnt m\u00fcsst ihr unbedingt den Schnitt im Fadenlauf auf den Stoff legen. Wie das geht zeige ich euch hier.\",\"breadcrumb\":{\"@id\":\"https:\\\/\\\/makermauz.de\\\/?page_id=242#breadcrumb\"},\"inLanguage\":\"de\",\"potentialAction\":[{\"@type\":\"ReadAction\",\"target\":[\"https:\\\/\\\/makermauz.de\\\/?page_id=242\"]}]},{\"@type\":\"ImageObject\",\"inLanguage\":\"de\",\"@id\":\"https:\\\/\\\/makermauz.de\\\/?page_id=242#primaryimage\",\"url\":\"https:\\\/\\\/makermauz.de\\\/wp-content\\\/uploads\\\/2019\\\/12\\\/MakerMauz-Fadenlauf-Webkante.jpg\",\"contentUrl\":\"https:\\\/\\\/makermauz.de\\\/wp-content\\\/uploads\\\/2019\\\/12\\\/MakerMauz-Fadenlauf-Webkante.jpg\",\"width\":943,\"height\":365,\"caption\":\"MakerMauz Fadenlauf Webkante\"},{\"@type\":\"BreadcrumbList\",\"@id\":\"https:\\\/\\\/makermauz.de\\\/?page_id=242#breadcrumb\",\"itemListElement\":[{\"@type\":\"ListItem\",\"position\":1,\"name\":\"Startseite\",\"item\":\"https:\\\/\\\/makermauz.de\\\/\"},{\"@type\":\"ListItem\",\"position\":2,\"name\":\"Fadenlauf\"}]},{\"@type\":\"WebSite\",\"@id\":\"https:\\\/\\\/makermauz.de\\\/#website\",\"url\":\"https:\\\/\\\/makermauz.de\\\/\",\"name\":\"Maker Mauz Sewing\",\"description\":\"N\u00e4hen lernen, Schnittmuster, N\u00e4hanleitungen, Plotterdateien, DIYs\",\"publisher\":{\"@id\":\"https:\\\/\\\/makermauz.de\\\/#\\\/schema\\\/person\\\/66099be1b4736a5fae4fdbba61fc3467\"},\"potentialAction\":[{\"@type\":\"SearchAction\",\"target\":{\"@type\":\"EntryPoint\",\"urlTemplate\":\"https:\\\/\\\/makermauz.de\\\/?s={search_term_string}\"},\"query-input\":{\"@type\":\"PropertyValueSpecification\",\"valueRequired\":true,\"valueName\":\"search_term_string\"}}],\"inLanguage\":\"de\"},{\"@type\":[\"Person\",\"Organization\"],\"@id\":\"https:\\\/\\\/makermauz.de\\\/#\\\/schema\\\/person\\\/66099be1b4736a5fae4fdbba61fc3467\",\"name\":\"Maker Mauz\",\"image\":{\"@type\":\"ImageObject\",\"inLanguage\":\"de\",\"@id\":\"https:\\\/\\\/secure.gravatar.com\\\/avatar\\\/d8220a7fcaab42a4ad29f49238f10b3cfff9d051acd6cc346f6a59384eed2871?s=96&d=mm&r=g\",\"url\":\"https:\\\/\\\/secure.gravatar.com\\\/avatar\\\/d8220a7fcaab42a4ad29f49238f10b3cfff9d051acd6cc346f6a59384eed2871?s=96&d=mm&r=g\",\"contentUrl\":\"https:\\\/\\\/secure.gravatar.com\\\/avatar\\\/d8220a7fcaab42a4ad29f49238f10b3cfff9d051acd6cc346f6a59384eed2871?s=96&d=mm&r=g\",\"caption\":\"Maker Mauz\"},\"logo\":{\"@id\":\"https:\\\/\\\/secure.gravatar.com\\\/avatar\\\/d8220a7fcaab42a4ad29f49238f10b3cfff9d051acd6cc346f6a59384eed2871?s=96&d=mm&r=g\"}}]}<\/script>\n<!-- \/ Yoast SEO plugin. -->","yoast_head_json":{"title":"Der Fadenlauf - so legt man das Schnittmuster auf den Stoff.","description":"Bevor ihr mit dem Zuschnitt beginnt m\u00fcsst ihr unbedingt den Schnitt im Fadenlauf auf den Stoff legen. Wie das geht zeige ich euch hier.","robots":{"index":"index","follow":"follow","max-snippet":"max-snippet:-1","max-image-preview":"max-image-preview:large","max-video-preview":"max-video-preview:-1"},"canonical":"https:\/\/makermauz.de\/?page_id=242","og_locale":"de_DE","og_type":"article","og_title":"Der Fadenlauf - so legt man das Schnittmuster auf den Stoff.","og_description":"Bevor ihr mit dem Zuschnitt beginnt m\u00fcsst ihr unbedingt den Schnitt im Fadenlauf auf den Stoff legen. Wie das geht zeige ich euch hier.","og_url":"https:\/\/makermauz.de\/?page_id=242","og_site_name":"Maker Mauz Sewing","article_modified_time":"2022-09-13T11:02:24+00:00","og_image":[{"url":"https:\/\/makermauz.de\/wp-content\/uploads\/2019\/12\/MakerMauz-Fadenlauf-Webkante.jpg","type":"","width":"","height":""}],"twitter_card":"summary_large_image","twitter_misc":{"Gesch\u00e4tzte Lesezeit":"4\u00a0Minuten"},"schema":{"@context":"https:\/\/schema.org","@graph":[{"@type":"WebPage","@id":"https:\/\/makermauz.de\/?page_id=242","url":"https:\/\/makermauz.de\/?page_id=242","name":"Der Fadenlauf - so legt man das Schnittmuster auf den Stoff.","isPartOf":{"@id":"https:\/\/makermauz.de\/#website"},"primaryImageOfPage":{"@id":"https:\/\/makermauz.de\/?page_id=242#primaryimage"},"image":{"@id":"https:\/\/makermauz.de\/?page_id=242#primaryimage"},"thumbnailUrl":"https:\/\/makermauz.de\/wp-content\/uploads\/2019\/12\/MakerMauz-Fadenlauf-Webkante.jpg","datePublished":"2016-04-20T14:03:33+00:00","dateModified":"2022-09-13T11:02:24+00:00","description":"Bevor ihr mit dem Zuschnitt beginnt m\u00fcsst ihr unbedingt den Schnitt im Fadenlauf auf den Stoff legen. Wie das geht zeige ich euch hier.","breadcrumb":{"@id":"https:\/\/makermauz.de\/?page_id=242#breadcrumb"},"inLanguage":"de","potentialAction":[{"@type":"ReadAction","target":["https:\/\/makermauz.de\/?page_id=242"]}]},{"@type":"ImageObject","inLanguage":"de","@id":"https:\/\/makermauz.de\/?page_id=242#primaryimage","url":"https:\/\/makermauz.de\/wp-content\/uploads\/2019\/12\/MakerMauz-Fadenlauf-Webkante.jpg","contentUrl":"https:\/\/makermauz.de\/wp-content\/uploads\/2019\/12\/MakerMauz-Fadenlauf-Webkante.jpg","width":943,"height":365,"caption":"MakerMauz Fadenlauf Webkante"},{"@type":"BreadcrumbList","@id":"https:\/\/makermauz.de\/?page_id=242#breadcrumb","itemListElement":[{"@type":"ListItem","position":1,"name":"Startseite","item":"https:\/\/makermauz.de\/"},{"@type":"ListItem","position":2,"name":"Fadenlauf"}]},{"@type":"WebSite","@id":"https:\/\/makermauz.de\/#website","url":"https:\/\/makermauz.de\/","name":"Maker Mauz Sewing","description":"N\u00e4hen lernen, Schnittmuster, N\u00e4hanleitungen, Plotterdateien, DIYs","publisher":{"@id":"https:\/\/makermauz.de\/#\/schema\/person\/66099be1b4736a5fae4fdbba61fc3467"},"potentialAction":[{"@type":"SearchAction","target":{"@type":"EntryPoint","urlTemplate":"https:\/\/makermauz.de\/?s={search_term_string}"},"query-input":{"@type":"PropertyValueSpecification","valueRequired":true,"valueName":"search_term_string"}}],"inLanguage":"de"},{"@type":["Person","Organization"],"@id":"https:\/\/makermauz.de\/#\/schema\/person\/66099be1b4736a5fae4fdbba61fc3467","name":"Maker Mauz","image":{"@type":"ImageObject","inLanguage":"de","@id":"https:\/\/secure.gravatar.com\/avatar\/d8220a7fcaab42a4ad29f49238f10b3cfff9d051acd6cc346f6a59384eed2871?s=96&d=mm&r=g","url":"https:\/\/secure.gravatar.com\/avatar\/d8220a7fcaab42a4ad29f49238f10b3cfff9d051acd6cc346f6a59384eed2871?s=96&d=mm&r=g","contentUrl":"https:\/\/secure.gravatar.com\/avatar\/d8220a7fcaab42a4ad29f49238f10b3cfff9d051acd6cc346f6a59384eed2871?s=96&d=mm&r=g","caption":"Maker Mauz"},"logo":{"@id":"https:\/\/secure.gravatar.com\/avatar\/d8220a7fcaab42a4ad29f49238f10b3cfff9d051acd6cc346f6a59384eed2871?s=96&d=mm&r=g"}}]}},"_links":{"self":[{"href":"https:\/\/makermauz.de\/index.php?rest_route=\/wp\/v2\/pages\/242","targetHints":{"allow":["GET"]}}],"collection":[{"href":"https:\/\/makermauz.de\/index.php?rest_route=\/wp\/v2\/pages"}],"about":[{"href":"https:\/\/makermauz.de\/index.php?rest_route=\/wp\/v2\/types\/page"}],"author":[{"embeddable":true,"href":"https:\/\/makermauz.de\/index.php?rest_route=\/wp\/v2\/users\/1"}],"replies":[{"embeddable":true,"href":"https:\/\/makermauz.de\/index.php?rest_route=%2Fwp%2Fv2%2Fcomments&post=242"}],"version-history":[{"count":11,"href":"https:\/\/makermauz.de\/index.php?rest_route=\/wp\/v2\/pages\/242\/revisions"}],"predecessor-version":[{"id":5281,"href":"https:\/\/makermauz.de\/index.php?rest_route=\/wp\/v2\/pages\/242\/revisions\/5281"}],"wp:attachment":[{"href":"https:\/\/makermauz.de\/index.php?rest_route=%2Fwp%2Fv2%2Fmedia&parent=242"}],"curies":[{"name":"wp","href":"https:\/\/api.w.org\/{rel}","templated":true}]}}